Last updated on 2025-10-31 02:50:38 CET.
| Flavor | Version | Tinstall | Tcheck | Ttotal | Status | Flags | 
|---|---|---|---|---|---|---|
| r-devel-linux-x86_64-debian-clang | 0.1.0 | 7.70 | 40.43 | 48.13 | NOTE | |
| r-devel-linux-x86_64-debian-gcc | 0.1.0 | 5.04 | 31.06 | 36.10 | NOTE | |
| r-devel-linux-x86_64-fedora-clang | 0.1.0 | 20.00 | 55.82 | 75.82 | NOTE | |
| r-devel-linux-x86_64-fedora-gcc | 0.1.0 | 17.00 | 69.74 | 86.74 | NOTE | |
| r-devel-windows-x86_64 | 0.1.0 | 10.00 | 56.00 | 66.00 | NOTE | |
| r-patched-linux-x86_64 | 0.1.0 | 7.45 | 37.73 | 45.18 | NOTE | |
| r-release-linux-x86_64 | 0.1.0 | 6.77 | 38.22 | 44.99 | NOTE | |
| r-release-macos-arm64 | 0.1.0 | 5.00 | 38.00 | 43.00 | NOTE | |
| r-release-macos-x86_64 | 0.1.0 | 8.00 | 52.00 | 60.00 | NOTE | |
| r-release-windows-x86_64 | 0.1.0 | 11.00 | 58.00 | 69.00 | NOTE | |
| r-oldrel-macos-arm64 | 0.1.0 | 5.00 | 27.00 | 32.00 | NOTE | |
| r-oldrel-macos-x86_64 | 0.1.0 | 7.00 | 38.00 | 45.00 | NOTE | |
| r-oldrel-windows-x86_64 | 0.1.0 | 13.00 | 65.00 | 78.00 | NOTE | 
Version: 0.1.0
Check: CRAN incoming feasibility
Result: NOTE
  Maintainer: ‘Muhammad Yaseen <myaseen208@gmail.com>’
  
  No Authors@R field in DESCRIPTION.
  Please add one, modifying
    Authors@R: c(person(given = "Muhammad",
                        family = "Yaseen",
                        role = c("aut", "cre"),
                        email = "myaseen208@gmail.com"),
                 person(given = "Muhammad",
                        family = "Usman",
                        role = "ctb"))
  as necessary.
Flavors: r-devel-linux-x86_64-debian-clang, r-devel-linux-x86_64-debian-gcc
Version: 0.1.0
Check: Rd files
Result: NOTE
  checkRd: (-1) PakPMICS2018fs.Rd:308: Lost braces in \enumerate; meant \describe ?
  checkRd: (-1) PakPMICS2018fs.Rd:309: Lost braces in \enumerate; meant \describe ?
Flavors: r-devel-linux-x86_64-debian-clang, r-devel-linux-x86_64-debian-gcc, r-devel-linux-x86_64-fedora-clang, r-devel-linux-x86_64-fedora-gcc, r-devel-windows-x86_64, r-patched-linux-x86_64, r-release-linux-x86_64, r-release-macos-arm64, r-release-macos-x86_64, r-release-windows-x86_64, r-oldrel-macos-arm64, r-oldrel-macos-x86_64, r-oldrel-windows-x86_64