Last updated on 2025-10-31 02:50:38 CET.
| Flavor | Version | Tinstall | Tcheck | Ttotal | Status | Flags | 
|---|---|---|---|---|---|---|
| r-devel-linux-x86_64-debian-clang | 1.2 | 1.65 | 24.34 | 25.99 | NOTE | |
| r-devel-linux-x86_64-debian-gcc | 1.2 | 1.33 | 20.20 | 21.53 | NOTE | |
| r-devel-linux-x86_64-fedora-clang | 1.2 | 39.04 | OK | |||
| r-devel-linux-x86_64-fedora-gcc | 1.2 | 37.30 | OK | |||
| r-devel-windows-x86_64 | 1.2 | 2.00 | 44.00 | 46.00 | OK | |
| r-patched-linux-x86_64 | 1.2 | 1.56 | 23.42 | 24.98 | OK | |
| r-release-linux-x86_64 | 1.2 | 1.63 | 23.45 | 25.08 | OK | |
| r-release-macos-arm64 | 1.2 | 1.00 | 15.00 | 16.00 | OK | |
| r-release-macos-x86_64 | 1.2 | 1.00 | 27.00 | 28.00 | OK | |
| r-release-windows-x86_64 | 1.2 | 2.00 | 47.00 | 49.00 | OK | |
| r-oldrel-macos-arm64 | 1.2 | 1.00 | 19.00 | 20.00 | OK | |
| r-oldrel-macos-x86_64 | 1.2 | 1.00 | 26.00 | 27.00 | OK | |
| r-oldrel-windows-x86_64 | 1.2 | 4.00 | 45.00 | 49.00 | OK | 
Version: 1.2
Check: CRAN incoming feasibility
Result: NOTE
  Maintainer: ‘Marie-Pierre Sylvestre <marie-pierre.sylvestre@umontreal.ca>’
  
  No Authors@R field in DESCRIPTION.
  Please add one, modifying
    Authors@R: c(person(given = "Marie-Pierre",
                        family = "Sylvestre",
                        role = c("aut", "cre"),
                        email = "marie-pierre.sylvestre@umontreal.ca"),
                 person(given = "Thad",
                        family = "Edens",
                        role = "aut"),
                 person(given = "Todd",
                        family = "MacKenzie",
                        role = "aut"),
                 person(given = "Michal",
                        family = "Abrahamowicz",
                        role = "aut"))
  as necessary.
  
  Package CITATION file contains call(s) to old-style personList() or
  as.personList().  Please use c() on person objects instead.
  Package CITATION file contains call(s) to old-style citEntry().  Please
  use bibentry() instead.
Flavors: r-devel-linux-x86_64-debian-clang, r-devel-linux-x86_64-debian-gcc