Last updated on 2025-10-31 02:50:39 CET.
| Flavor | Version | Tinstall | Tcheck | Ttotal | Status | Flags | 
|---|---|---|---|---|---|---|
| r-devel-linux-x86_64-debian-clang | 1.0.2.1 | 2.17 | 23.98 | 26.15 | NOTE | |
| r-devel-linux-x86_64-debian-gcc | 1.0.2.1 | 1.56 | 19.01 | 20.57 | NOTE | |
| r-devel-linux-x86_64-fedora-clang | 1.0.2.1 | 39.08 | OK | |||
| r-devel-linux-x86_64-fedora-gcc | 1.0.2.1 | 36.45 | OK | |||
| r-devel-windows-x86_64 | 1.0.2.1 | 3.00 | 46.00 | 49.00 | OK | |
| r-patched-linux-x86_64 | 1.0.2.1 | 2.26 | 22.81 | 25.07 | OK | |
| r-release-linux-x86_64 | 1.0.2.1 | 2.09 | 22.92 | 25.01 | OK | |
| r-release-macos-arm64 | 1.0.2.1 | 1.00 | 15.00 | 16.00 | OK | |
| r-release-macos-x86_64 | 1.0.2.1 | 2.00 | 23.00 | 25.00 | OK | |
| r-release-windows-x86_64 | 1.0.2.1 | 3.00 | 47.00 | 50.00 | OK | |
| r-oldrel-macos-arm64 | 1.0.2.1 | 1.00 | 15.00 | 16.00 | OK | |
| r-oldrel-macos-x86_64 | 1.0.2.1 | 2.00 | 20.00 | 22.00 | OK | |
| r-oldrel-windows-x86_64 | 1.0.2.1 | 3.00 | 45.00 | 48.00 | OK | 
Version: 1.0.2.1
Check: CRAN incoming feasibility
Result: NOTE
  Maintainer: ‘Daniela Witten <dwitten@u.washington.edu>’
  
  No Authors@R field in DESCRIPTION.
  Please add one, modifying
    Authors@R: person(given = "Daniela",
                      family = "Witten",
                      role = c("aut", "cre"),
                      email = "dwitten@u.washington.edu")
  as necessary.
Flavors: r-devel-linux-x86_64-debian-clang, r-devel-linux-x86_64-debian-gcc