Last updated on 2025-10-31 02:50:39 CET.
| Flavor | Version | Tinstall | Tcheck | Ttotal | Status | Flags | 
|---|---|---|---|---|---|---|
| r-devel-linux-x86_64-debian-clang | 1.5.3 | 8.62 | 81.26 | 89.88 | NOTE | |
| r-devel-linux-x86_64-debian-gcc | 1.5.3 | 6.38 | 61.50 | 67.88 | NOTE | |
| r-devel-linux-x86_64-fedora-clang | 1.5.3 | 19.00 | 123.00 | 142.00 | OK | |
| r-devel-linux-x86_64-fedora-gcc | 1.5.3 | 18.00 | 116.99 | 134.99 | OK | |
| r-devel-windows-x86_64 | 1.5.3 | 9.00 | 86.00 | 95.00 | OK | |
| r-patched-linux-x86_64 | 1.5.3 | 8.59 | 78.15 | 86.74 | OK | |
| r-release-linux-x86_64 | 1.5.3 | 7.65 | 79.03 | 86.68 | OK | |
| r-release-macos-arm64 | 1.5.3 | 3.00 | 32.00 | 35.00 | OK | |
| r-release-macos-x86_64 | 1.5.3 | 8.00 | 56.00 | 64.00 | OK | |
| r-release-windows-x86_64 | 1.5.3 | 9.00 | 87.00 | 96.00 | OK | |
| r-oldrel-macos-arm64 | 1.5.3 | 3.00 | 29.00 | 32.00 | OK | |
| r-oldrel-macos-x86_64 | 1.5.3 | 5.00 | 43.00 | 48.00 | OK | |
| r-oldrel-windows-x86_64 | 1.5.3 | 13.00 | 108.00 | 121.00 | OK | 
Version: 1.5.3
Check: CRAN incoming feasibility
Result: NOTE
  Maintainer: ‘Ran Gao <rgao8@uic.edu>’
  
  No Authors@R field in DESCRIPTION.
  Please add one, modifying
    Authors@R: c(person(given = "Hakan",
                        family = "Demirtas",
                        role = "aut"),
                 person(given = "Rachel",
                        family = "Nordgren",
                        role = "aut"),
                 person(given = "Rawan",
                        family = "Allozi",
                        role = "aut"),
                 person(given = "Ran",
                        family = "Gao",
                        role = c("aut", "cre"),
                        email = "rgao8@uic.edu"))
  as necessary.
Flavors: r-devel-linux-x86_64-debian-clang, r-devel-linux-x86_64-debian-gcc