Last updated on 2025-10-31 02:50:39 CET.
| Flavor | Version | Tinstall | Tcheck | Ttotal | Status | Flags | 
|---|---|---|---|---|---|---|
| r-devel-linux-x86_64-debian-clang | 1.6.3 | 10.93 | 74.56 | 85.49 | NOTE | |
| r-devel-linux-x86_64-debian-gcc | 1.6.3 | 6.72 | 53.93 | 60.65 | NOTE | |
| r-devel-linux-x86_64-fedora-clang | 1.6.3 | 22.00 | 111.29 | 133.29 | OK | |
| r-devel-linux-x86_64-fedora-gcc | 1.6.3 | 19.00 | 102.76 | 121.76 | OK | |
| r-devel-windows-x86_64 | 1.6.3 | 10.00 | 81.00 | 91.00 | OK | |
| r-patched-linux-x86_64 | 1.6.3 | 9.19 | 71.95 | 81.14 | OK | |
| r-release-linux-x86_64 | 1.6.3 | 7.41 | 72.01 | 79.42 | OK | |
| r-release-macos-arm64 | 1.6.3 | 4.00 | 27.00 | 31.00 | OK | |
| r-release-macos-x86_64 | 1.6.3 | 9.00 | 52.00 | 61.00 | OK | |
| r-release-windows-x86_64 | 1.6.3 | 9.00 | 81.00 | 90.00 | OK | |
| r-oldrel-macos-arm64 | 1.6.3 | 3.00 | 27.00 | 30.00 | OK | |
| r-oldrel-macos-x86_64 | 1.6.3 | 5.00 | 40.00 | 45.00 | OK | |
| r-oldrel-windows-x86_64 | 1.6.3 | 14.00 | 99.00 | 113.00 | OK | 
Version: 1.6.3
Check: CRAN incoming feasibility
Result: NOTE
  Maintainer: ‘Ran Gao <rgao8@uic.edu>’
  
  No Authors@R field in DESCRIPTION.
  Please add one, modifying
    Authors@R: c(person(given = "Hakan",
                        family = "Demirtas",
                        role = "aut"),
                 person(given = "Yiran",
                        family = "Hu",
                        role = "aut"),
                 person(given = "Rawan",
                        family = "Allozi",
                        role = "aut"),
                 person(given = "Ran",
                        family = "Gao",
                        role = c("aut", "cre"),
                        email = "rgao8@uic.edu"))
  as necessary.
Flavors: r-devel-linux-x86_64-debian-clang, r-devel-linux-x86_64-debian-gcc