Last updated on 2025-10-31 02:50:39 CET.
| Flavor | Version | Tinstall | Tcheck | Ttotal | Status | Flags | 
|---|---|---|---|---|---|---|
| r-devel-linux-x86_64-debian-clang | 1.6.3 | 6.89 | 54.18 | 61.07 | NOTE | |
| r-devel-linux-x86_64-debian-gcc | 1.6.3 | 4.47 | 40.92 | 45.39 | NOTE | |
| r-devel-linux-x86_64-fedora-clang | 1.6.3 | 14.00 | 80.47 | 94.47 | OK | |
| r-devel-linux-x86_64-fedora-gcc | 1.6.3 | 13.00 | 74.48 | 87.48 | OK | |
| r-devel-windows-x86_64 | 1.6.3 | 7.00 | 65.00 | 72.00 | OK | |
| r-patched-linux-x86_64 | 1.6.3 | 7.19 | 52.25 | 59.44 | OK | |
| r-release-linux-x86_64 | 1.6.3 | 6.79 | 52.04 | 58.83 | OK | |
| r-release-macos-arm64 | 1.6.3 | 3.00 | 29.00 | 32.00 | OK | |
| r-release-macos-x86_64 | 1.6.3 | 5.00 | 46.00 | 51.00 | OK | |
| r-release-windows-x86_64 | 1.6.3 | 8.00 | 67.00 | 75.00 | OK | |
| r-oldrel-macos-arm64 | 1.6.3 | 3.00 | 25.00 | 28.00 | OK | |
| r-oldrel-macos-x86_64 | 1.6.3 | 5.00 | 37.00 | 42.00 | OK | |
| r-oldrel-windows-x86_64 | 1.6.3 | 10.00 | 80.00 | 90.00 | OK | 
Version: 1.6.3
Check: CRAN incoming feasibility
Result: NOTE
  Maintainer: ‘Ran Gao <rgao8@uic.edu>’
  
  No Authors@R field in DESCRIPTION.
  Please add one, modifying
    Authors@R: c(person(given = "Hakan",
                        family = "Demirtas",
                        role = "aut"),
                 person(given = "Yaru",
                        family = "Shi",
                        role = "aut"),
                 person(given = "Rawan",
                        family = "Allozi",
                        role = "aut"),
                 person(given = "Ran",
                        family = "Gao",
                        role = c("aut", "cre"),
                        email = "rgao8@uic.edu"))
  as necessary.
Flavors: r-devel-linux-x86_64-debian-clang, r-devel-linux-x86_64-debian-gcc