Last updated on 2025-10-31 02:50:39 CET.
| Flavor | Version | Tinstall | Tcheck | Ttotal | Status | Flags | 
|---|---|---|---|---|---|---|
| r-devel-linux-x86_64-debian-clang | 0.3.2 | 26.12 | 77.72 | 103.84 | NOTE | |
| r-devel-linux-x86_64-debian-gcc | 0.3.2 | 20.21 | 57.38 | 77.59 | NOTE | |
| r-devel-linux-x86_64-fedora-clang | 0.3.2 | 79.00 | 88.68 | 167.68 | NOTE | |
| r-devel-linux-x86_64-fedora-gcc | 0.3.2 | 70.00 | 95.97 | 165.97 | NOTE | |
| r-devel-windows-x86_64 | 0.3.2 | 33.00 | 103.00 | 136.00 | NOTE | |
| r-patched-linux-x86_64 | 0.3.2 | 30.81 | 74.91 | 105.72 | NOTE | |
| r-release-linux-x86_64 | 0.3.2 | 30.08 | 75.38 | 105.46 | NOTE | |
| r-release-macos-arm64 | 0.3.2 | 12.00 | 36.00 | 48.00 | NOTE | |
| r-release-macos-x86_64 | 0.3.2 | 19.00 | 63.00 | 82.00 | NOTE | |
| r-release-windows-x86_64 | 0.3.2 | 35.00 | 102.00 | 137.00 | NOTE | |
| r-oldrel-macos-arm64 | 0.3.2 | 14.00 | 34.00 | 48.00 | NOTE | |
| r-oldrel-macos-x86_64 | 0.3.2 | 17.00 | 50.00 | 67.00 | NOTE | |
| r-oldrel-windows-x86_64 | 0.3.2 | 41.00 | 131.00 | 172.00 | NOTE | 
Version: 0.3.2
Check: Rd files
Result: NOTE
  checkRd: (-1) proc.Rd:27: Lost braces in \itemize; meant \describe ?
  checkRd: (-1) proc.Rd:28: Lost braces in \itemize; meant \describe ?
Flavors: r-devel-linux-x86_64-debian-clang, r-devel-linux-x86_64-debian-gcc, r-devel-linux-x86_64-fedora-clang, r-devel-linux-x86_64-fedora-gcc, r-devel-windows-x86_64, r-patched-linux-x86_64, r-release-linux-x86_64, r-release-macos-arm64, r-release-macos-x86_64, r-release-windows-x86_64, r-oldrel-macos-arm64, r-oldrel-macos-x86_64, r-oldrel-windows-x86_64