Last updated on 2025-10-31 02:50:40 CET.
| Flavor | Version | Tinstall | Tcheck | Ttotal | Status | Flags | 
|---|---|---|---|---|---|---|
| r-devel-linux-x86_64-debian-clang | 2.1-23 | 3.91 | 44.49 | 48.40 | NOTE | |
| r-devel-linux-x86_64-debian-gcc | 2.1-23 | 2.88 | 34.30 | 37.18 | NOTE | |
| r-devel-linux-x86_64-fedora-clang | 2.1-23 | 10.00 | 63.62 | 73.62 | OK | |
| r-devel-linux-x86_64-fedora-gcc | 2.1-23 | 79.39 | OK | |||
| r-devel-windows-x86_64 | 2.1-23 | 5.00 | 77.00 | 82.00 | OK | |
| r-patched-linux-x86_64 | 2.1-23 | 3.54 | 42.50 | 46.04 | NOTE | |
| r-release-linux-x86_64 | 2.1-23 | 3.89 | 42.66 | 46.55 | NOTE | |
| r-release-macos-arm64 | 2.1-23 | 2.00 | 89.00 | 91.00 | OK | |
| r-release-macos-x86_64 | 2.1-23 | 4.00 | 129.00 | 133.00 | OK | |
| r-release-windows-x86_64 | 2.1-23 | 6.00 | 80.00 | 86.00 | OK | |
| r-oldrel-macos-arm64 | 2.1-23 | 2.00 | 90.00 | 92.00 | NOTE | |
| r-oldrel-macos-x86_64 | 2.1-23 | 4.00 | 124.00 | 128.00 | NOTE | |
| r-oldrel-windows-x86_64 | 2.1-23 | 8.00 | 85.00 | 93.00 | NOTE | 
Version: 2.1-23
Check: R code for possible problems
Result: NOTE
  Found the following calls to attach():
  File ‘R2WinBUGS/R/attach.all.R’:
    attach(x, name = name)
  See section ‘Good practice’ in ‘?attach’.
Flavors: r-devel-linux-x86_64-debian-clang, r-devel-linux-x86_64-debian-gcc, r-patched-linux-x86_64, r-release-linux-x86_64
Version: 2.1-23
Check: package dependencies
Result: NOTE
  Package suggested but not available for checking: ‘BRugs’
Flavors: r-oldrel-macos-arm64, r-oldrel-macos-x86_64, r-oldrel-windows-x86_64