Last updated on 2025-10-31 02:50:40 CET.
| Flavor | Version | Tinstall | Tcheck | Ttotal | Status | Flags | 
|---|---|---|---|---|---|---|
| r-devel-linux-x86_64-debian-clang | 0.7.5 | 3.06 | 30.85 | 33.91 | NOTE | |
| r-devel-linux-x86_64-debian-gcc | 0.7.5 | 2.32 | 24.33 | 26.65 | NOTE | |
| r-devel-linux-x86_64-fedora-clang | 0.7.5 | 50.22 | OK | |||
| r-devel-linux-x86_64-fedora-gcc | 0.7.5 | 47.36 | OK | |||
| r-devel-windows-x86_64 | 0.7.5 | 4.00 | 53.00 | 57.00 | OK | |
| r-patched-linux-x86_64 | 0.7.5 | 2.51 | 29.27 | 31.78 | OK | |
| r-release-linux-x86_64 | 0.7.5 | 2.50 | 29.31 | 31.81 | OK | |
| r-release-macos-arm64 | 0.7.5 | 1.00 | 18.00 | 19.00 | OK | |
| r-release-macos-x86_64 | 0.7.5 | 3.00 | 28.00 | 31.00 | OK | |
| r-release-windows-x86_64 | 0.7.5 | 5.00 | 63.00 | 68.00 | OK | |
| r-oldrel-macos-arm64 | 0.7.5 | 1.00 | 17.00 | 18.00 | OK | |
| r-oldrel-macos-x86_64 | 0.7.5 | 2.00 | 28.00 | 30.00 | OK | |
| r-oldrel-windows-x86_64 | 0.7.5 | 5.00 | 63.00 | 68.00 | OK | 
Version: 0.7.5
Check: CRAN incoming feasibility
Result: NOTE
  Maintainer: ‘Thomas Bock <thsteinbock@web.de>’
  
  No Authors@R field in DESCRIPTION.
  Please add one, modifying
    Authors@R: person(given = "Thomas",
                      family = "Bock",
                      role = c("aut", "cre"),
                      email = "thsteinbock@web.de")
  as necessary.
Flavors: r-devel-linux-x86_64-debian-clang, r-devel-linux-x86_64-debian-gcc