Last updated on 2025-10-30 02:49:10 CET.
| Flavor | Version | Tinstall | Tcheck | Ttotal | Status | Flags | 
|---|---|---|---|---|---|---|
| r-devel-linux-x86_64-debian-clang | 2.0 | 4.84 | 463.19 | 468.03 | NOTE | |
| r-devel-linux-x86_64-debian-gcc | 2.0 | 3.00 | 317.43 | 320.43 | NOTE | |
| r-devel-linux-x86_64-fedora-clang | 2.0 | 767.75 | OK | |||
| r-devel-linux-x86_64-fedora-gcc | 2.0 | 838.30 | OK | |||
| r-devel-windows-x86_64 | 2.0 | 5.00 | 655.00 | 660.00 | OK | |
| r-patched-linux-x86_64 | 2.0 | 4.93 | 450.38 | 455.31 | OK | |
| r-release-linux-x86_64 | 2.0 | 3.78 | 432.04 | 435.82 | OK | |
| r-release-macos-arm64 | 2.0 | 2.00 | 217.00 | 219.00 | OK | |
| r-release-macos-x86_64 | 2.0 | 3.00 | 523.00 | 526.00 | OK | |
| r-release-windows-x86_64 | 2.0 | 5.00 | 649.00 | 654.00 | OK | |
| r-oldrel-macos-arm64 | 2.0 | 2.00 | 208.00 | 210.00 | OK | |
| r-oldrel-macos-x86_64 | 2.0 | 3.00 | 382.00 | 385.00 | OK | |
| r-oldrel-windows-x86_64 | 2.0 | 5.00 | 660.00 | 665.00 | OK | 
Version: 2.0
Check: CRAN incoming feasibility
Result: NOTE
  Maintainer: ‘Zhiqiang Tan <ztan@stat.rutgers.edu>’
  
  No Authors@R field in DESCRIPTION.
  Please add one, modifying
    Authors@R: c(person(given = "Zhiqiang",
                        family = "Tan",
                        role = c("aut", "cre"),
                        email = "ztan@stat.rutgers.edu"),
                 person(given = "Baoluo",
                        family = "Sun",
                        role = "aut"))
  as necessary.
  
  Package CITATION file contains call(s) to old-style personList() or
  as.personList().  Please use c() on person objects instead.
  Package CITATION file contains call(s) to old-style citEntry().  Please
  use bibentry() instead.
  
  The Description field contains
    Sun and Tan (2020) <arXiv:2009.09286>.
  Please refer to arXiv e-prints via their arXiv DOI <doi:10.48550/arXiv.YYMM.NNNNN>.
Flavors: r-devel-linux-x86_64-debian-clang, r-devel-linux-x86_64-debian-gcc