Last updated on 2025-10-31 02:50:41 CET.
| Flavor | Version | Tinstall | Tcheck | Ttotal | Status | Flags | 
|---|---|---|---|---|---|---|
| r-devel-linux-x86_64-debian-clang | 1.2.2 | 12.63 | 109.48 | 122.11 | NOTE | |
| r-devel-linux-x86_64-debian-gcc | 1.2.2 | 8.58 | 78.54 | 87.12 | NOTE | |
| r-devel-linux-x86_64-fedora-clang | 1.2.2 | 26.00 | 156.33 | 182.33 | OK | |
| r-devel-linux-x86_64-fedora-gcc | 1.2.2 | 30.00 | 144.92 | 174.92 | OK | |
| r-devel-windows-x86_64 | 1.2.2 | 13.00 | 114.00 | 127.00 | NOTE | |
| r-patched-linux-x86_64 | 1.2.2 | 10.93 | 100.81 | 111.74 | NOTE | |
| r-release-linux-x86_64 | 1.2.2 | 10.53 | 101.07 | 111.60 | NOTE | |
| r-release-macos-arm64 | 1.2.2 | 5.00 | 47.00 | 52.00 | OK | |
| r-release-macos-x86_64 | 1.2.2 | 12.00 | 94.00 | 106.00 | OK | |
| r-release-windows-x86_64 | 1.2.2 | 13.00 | 115.00 | 128.00 | NOTE | |
| r-oldrel-macos-arm64 | 1.2.2 | 5.00 | 47.00 | 52.00 | OK | |
| r-oldrel-macos-x86_64 | 1.2.2 | 8.00 | 68.00 | 76.00 | OK | |
| r-oldrel-windows-x86_64 | 1.2.2 | 18.00 | 154.00 | 172.00 | OK | 
Version: 1.2.2
Check: Rd cross-references
Result: NOTE
  Found the following Rd file(s) with Rd \link{} targets missing package
  anchors:
    ci.Rd: lavaan
    mbco.Rd: mxOption
  Please provide package anchors for all Rd \link{} targets not in the
  package itself and the base packages.
Flavors: r-devel-linux-x86_64-debian-clang, r-devel-linux-x86_64-debian-gcc, r-devel-windows-x86_64, r-patched-linux-x86_64, r-release-linux-x86_64, r-release-windows-x86_64