Last updated on 2025-10-30 02:49:11 CET.
| Flavor | Version | Tinstall | Tcheck | Ttotal | Status | Flags | 
|---|---|---|---|---|---|---|
| r-devel-linux-x86_64-debian-clang | 0.3-0 | 4.54 | 39.87 | 44.41 | OK | --no-tests | 
| r-devel-linux-x86_64-debian-gcc | 0.3-0 | 2.93 | 27.70 | 30.63 | OK | --no-tests | 
| r-patched-linux-x86_64 | 0.3-0 | 4.54 | 37.34 | 41.88 | OK | --no-tests | 
| r-release-linux-x86_64 | 0.3-0 | 4.31 | 37.82 | 42.13 | OK | --no-tests | 
| r-release-macos-arm64 | 0.3-0 | 6.00 | ERROR | |||
| r-release-macos-x86_64 | 0.3-0 | 11.00 | ERROR | |||
| r-oldrel-macos-arm64 | 0.3-0 | 9.00 | ERROR | |||
| r-oldrel-macos-x86_64 | 0.3-0 | 14.00 | ERROR | |||
| r-oldrel-windows-x86_64 | 0.3-0 | 1.00 | 4.00 | 5.00 | ERROR | 
Version: 0.3-0
Check: package dependencies
Result: ERROR
  Package required but not available: ‘Rcplex’
  
  See section ‘The DESCRIPTION file’ in the ‘Writing R Extensions’
  manual.
Flavors: r-release-macos-arm64, r-release-macos-x86_64, r-oldrel-macos-arm64, r-oldrel-macos-x86_64, r-oldrel-windows-x86_64