Last updated on 2025-10-31 02:50:42 CET.
| Flavor | Version | Tinstall | Tcheck | Ttotal | Status | Flags | 
|---|---|---|---|---|---|---|
| r-devel-linux-x86_64-debian-clang | 1.4.9 | 18.80 | 150.64 | 169.44 | NOTE | |
| r-devel-linux-x86_64-debian-gcc | 1.4.9 | 13.89 | 104.11 | 118.00 | NOTE | |
| r-devel-linux-x86_64-fedora-clang | 1.4.9 | 42.00 | 221.44 | 263.44 | OK | |
| r-devel-linux-x86_64-fedora-gcc | 1.4.9 | 152.00 | 136.96 | 288.96 | OK | |
| r-devel-windows-x86_64 | 1.4.9 | 21.00 | 161.00 | 182.00 | OK | |
| r-patched-linux-x86_64 | 1.4.9 | 17.43 | 139.38 | 156.81 | OK | |
| r-release-linux-x86_64 | 1.4.9 | 19.04 | 141.15 | 160.19 | OK | |
| r-release-macos-arm64 | 1.4.9 | 8.00 | 63.00 | 71.00 | OK | |
| r-release-macos-x86_64 | 1.4.9 | 15.00 | 124.00 | 139.00 | OK | |
| r-release-windows-x86_64 | 1.4.9 | 22.00 | 164.00 | 186.00 | OK | |
| r-oldrel-macos-arm64 | 1.4.9 | 8.00 | 61.00 | 69.00 | NOTE | |
| r-oldrel-macos-x86_64 | 1.4.9 | 23.00 | 111.00 | 134.00 | NOTE | |
| r-oldrel-windows-x86_64 | 1.4.9 | 29.00 | 213.00 | 242.00 | NOTE | 
Version: 1.4.9
Check: CRAN incoming feasibility
Result: NOTE
  Maintainer: ‘Torsten Schoeps <torsten.schoeps@bioinf.med.uni-goettingen.de>’
  
  No Authors@R field in DESCRIPTION.
  Please add one, modifying
    Authors@R: c(person(given = c("Heiko", "Mannsperger", "with", "contributions", "of", "Stephan"),
                        family = "Gade",
                        role = "aut"),
                 person(given = "Torsten",
                        family = "Schoeps",
                        role = "cre",
                        email = "torsten.schoeps@bioinf.med.uni-goettingen.de"))
  as necessary.
Flavors: r-devel-linux-x86_64-debian-clang, r-devel-linux-x86_64-debian-gcc
Version: 1.4.9
Check: installed package size
Result: NOTE
    installed size is  5.4Mb
    sub-directories of 1Mb or more:
      extdata   4.5Mb
Flavors: r-oldrel-macos-arm64, r-oldrel-macos-x86_64, r-oldrel-windows-x86_64