Last updated on 2025-10-31 02:50:42 CET.
| Flavor | Version | Tinstall | Tcheck | Ttotal | Status | Flags | 
|---|---|---|---|---|---|---|
| r-devel-linux-x86_64-debian-clang | 1.0.1 | 1.90 | 26.43 | 28.33 | NOTE | |
| r-devel-linux-x86_64-debian-gcc | 1.0.1 | 1.66 | 20.29 | 21.95 | NOTE | |
| r-devel-linux-x86_64-fedora-clang | 1.0.1 | 43.51 | NOTE | |||
| r-devel-linux-x86_64-fedora-gcc | 1.0.1 | 40.94 | NOTE | |||
| r-devel-windows-x86_64 | 1.0.1 | 4.00 | 45.00 | 49.00 | OK | |
| r-patched-linux-x86_64 | 1.0.1 | 2.23 | 25.02 | 27.25 | OK | |
| r-release-linux-x86_64 | 1.0.1 | 2.04 | 24.98 | 27.02 | OK | |
| r-release-macos-arm64 | 1.0.1 | 2.00 | 17.00 | 19.00 | OK | |
| r-release-macos-x86_64 | 1.0.1 | 2.00 | 44.00 | 46.00 | OK | |
| r-release-windows-x86_64 | 1.0.1 | 5.00 | 48.00 | 53.00 | OK | |
| r-oldrel-macos-arm64 | 1.0.1 | 1.00 | 17.00 | 18.00 | OK | |
| r-oldrel-macos-x86_64 | 1.0.1 | 2.00 | 24.00 | 26.00 | OK | |
| r-oldrel-windows-x86_64 | 1.0.1 | 5.00 | 51.00 | 56.00 | OK | 
Version: 1.0.1
Check: CRAN incoming feasibility
Result: NOTE
  Maintainer: ‘EL KHMISSI Mohamed <mohamed.el-khmissi01@etu.umontpellier.fr>’
  
  No Authors@R field in DESCRIPTION.
  Please add one, modifying
    Authors@R: person(given = c("EL", "KHMISSI"),
                      family = "Mohamed",
                      role = c("aut", "cre"),
                      email = "mohamed.el-khmissi01@etu.umontpellier.fr")
  as necessary.
Flavors: r-devel-linux-x86_64-debian-clang, r-devel-linux-x86_64-debian-gcc
Version: 1.0.1
Check: dependencies in R code
Result: NOTE
  Namespaces in Imports field not imported from:
    ‘keys’ ‘shinyWidgets’ ‘testthat’
    All declared Imports should be used.
Flavors: r-devel-linux-x86_64-fedora-clang, r-devel-linux-x86_64-fedora-gcc