Last updated on 2025-10-31 02:50:42 CET.
| Flavor | Version | Tinstall | Tcheck | Ttotal | Status | Flags | 
|---|---|---|---|---|---|---|
| r-devel-linux-x86_64-debian-clang | 2.4.2 | 4.79 | 36.76 | 41.55 | NOTE | |
| r-devel-linux-x86_64-debian-gcc | 2.4.2 | 3.80 | 28.92 | 32.72 | NOTE | |
| r-devel-linux-x86_64-fedora-clang | 2.4.2 | 11.00 | 51.83 | 62.83 | NOTE | |
| r-devel-linux-x86_64-fedora-gcc | 2.4.2 | 11.00 | 49.08 | 60.08 | NOTE | |
| r-devel-windows-x86_64 | 2.4.2 | 8.00 | 54.00 | 62.00 | OK | |
| r-patched-linux-x86_64 | 2.4.2 | 5.34 | 35.22 | 40.56 | OK | |
| r-release-linux-x86_64 | 2.4.2 | 4.80 | 35.37 | 40.17 | OK | |
| r-release-macos-arm64 | 2.4.2 | 5.00 | 20.00 | 25.00 | OK | |
| r-release-macos-x86_64 | 2.4.2 | 9.00 | 54.00 | 63.00 | OK | |
| r-release-windows-x86_64 | 2.4.2 | 9.00 | 56.00 | 65.00 | OK | |
| r-oldrel-macos-arm64 | 2.4.2 | 3.00 | 20.00 | 23.00 | OK | |
| r-oldrel-macos-x86_64 | 2.4.2 | 5.00 | 28.00 | 33.00 | OK | |
| r-oldrel-windows-x86_64 | 2.4.2 | 10.00 | 65.00 | 75.00 | OK | 
Version: 2.4.2
Check: CRAN incoming feasibility
Result: NOTE
  Maintainer: ‘Yumi Kondo <y.kondo@stat.ubc.ca>’
  
  No Authors@R field in DESCRIPTION.
  Please add one, modifying
    Authors@R: person(given = "Yumi",
                      family = "Kondo",
                      role = c("aut", "cre"),
                      email = "y.kondo@stat.ubc.ca")
  as necessary.
Flavors: r-devel-linux-x86_64-debian-clang, r-devel-linux-x86_64-debian-gcc
Version: 2.4.2
Check: compiled code
Result: NOTE
  File ‘RSKC/libs/RSKC.so’:
    Found no calls to: ‘R_registerRoutines’, ‘R_useDynamicSymbols’
  
  It is good practice to register native routines and to disable symbol
  search.
  
  See ‘Writing portable packages’ in the ‘Writing R Extensions’ manual.
Flavors: r-devel-linux-x86_64-fedora-clang, r-devel-linux-x86_64-fedora-gcc