Last updated on 2025-10-31 02:50:42 CET.
| Flavor | Version | Tinstall | Tcheck | Ttotal | Status | Flags | 
|---|---|---|---|---|---|---|
| r-devel-linux-x86_64-debian-clang | 0.7-10 | 3.61 | 19.71 | 23.32 | NOTE | |
| r-devel-linux-x86_64-debian-gcc | 0.7-10 | 3.02 | 16.19 | 19.21 | NOTE | |
| r-devel-linux-x86_64-fedora-clang | 0.7-10 | 34.59 | NOTE | |||
| r-devel-linux-x86_64-fedora-gcc | 0.7-10 | 33.51 | NOTE | |||
| r-devel-windows-x86_64 | 0.7-10 | 12.00 | 92.00 | 104.00 | NOTE | |
| r-patched-linux-x86_64 | 0.7-10 | 4.00 | 18.59 | 22.59 | NOTE | |
| r-release-linux-x86_64 | 0.7-10 | 3.70 | 18.71 | 22.41 | NOTE | |
| r-release-macos-arm64 | 0.7-10 | 4.00 | 14.00 | 18.00 | NOTE | |
| r-release-macos-x86_64 | 0.7-10 | 5.00 | 22.00 | 27.00 | NOTE | |
| r-release-windows-x86_64 | 0.7-10 | 13.00 | 88.00 | 101.00 | NOTE | |
| r-oldrel-macos-arm64 | 0.7-10 | 3.00 | 13.00 | 16.00 | OK | |
| r-oldrel-macos-x86_64 | 0.7-10 | 5.00 | 27.00 | 32.00 | OK | |
| r-oldrel-windows-x86_64 | 0.7-10 | 11.00 | 89.00 | 100.00 | NOTE | 
Version: 0.7-10
Check: CRAN incoming feasibility
Result: NOTE
  Maintainer: ‘Simon Urbanek <Simon.Urbanek@r-project.org>’
  
  No Authors@R field in DESCRIPTION.
  Please add one, modifying
    Authors@R: person(given = "Simon",
                      family = "Urbanek",
                      role = c("aut", "cre"),
                      email = "Simon.Urbanek@r-project.org")
  as necessary.
Flavors: r-devel-linux-x86_64-debian-clang, r-devel-linux-x86_64-debian-gcc
Version: 0.7-10
Check: compiled code
Result: NOTE
  File ‘RSclient/libs/RSclient.so’:
    Found non-API calls to R: ‘BODY’, ‘EXTPTR_PTR’, ‘FORMALS’
  
  Compiled code should not call non-API entry points in R.
  
  See ‘Writing portable packages’ in the ‘Writing R Extensions’ manual,
  and section ‘Moving into C API compliance’ for issues with the use of
  non-API entry points.
Flavors: r-devel-linux-x86_64-debian-clang, r-devel-linux-x86_64-debian-gcc, r-devel-linux-x86_64-fedora-clang, r-devel-linux-x86_64-fedora-gcc, r-patched-linux-x86_64, r-release-linux-x86_64, r-release-macos-arm64, r-release-macos-x86_64
Version: 0.7-10
Check: compiled code
Result: NOTE
  File 'RSclient/libs/x64/RSclient.dll':
    Found non-API calls to R: 'BODY', 'EXTPTR_PTR', 'FORMALS'
  
  Compiled code should not call non-API entry points in R.
  
  See 'Writing portable packages' in the 'Writing R Extensions' manual,
  and section 'Moving into C API compliance' for issues with the use of
  non-API entry points.
Flavors: r-devel-windows-x86_64, r-release-windows-x86_64
Version: 0.7-10
Check: installed package size
Result: NOTE
    installed size is  5.2Mb
    sub-directories of 1Mb or more:
      libs   5.1Mb
Flavor: r-oldrel-windows-x86_64