Last updated on 2025-10-30 02:49:12 CET.
| Flavor | Version | Tinstall | Tcheck | Ttotal | Status | Flags | 
|---|---|---|---|---|---|---|
| r-devel-linux-x86_64-debian-clang | 2.2.2 | 2.51 | 32.31 | 34.82 | NOTE | |
| r-devel-linux-x86_64-debian-gcc | 2.2.2 | 1.66 | 25.99 | 27.65 | NOTE | |
| r-devel-linux-x86_64-fedora-clang | 2.2.2 | 53.70 | OK | |||
| r-devel-linux-x86_64-fedora-gcc | 2.2.2 | 64.82 | OK | |||
| r-devel-windows-x86_64 | 2.2.2 | 4.00 | 48.00 | 52.00 | OK | |
| r-patched-linux-x86_64 | 2.2.2 | 2.37 | 30.69 | 33.06 | OK | |
| r-release-linux-x86_64 | 2.2.2 | 2.32 | 30.62 | 32.94 | OK | |
| r-release-macos-arm64 | 2.2.2 | 1.00 | 31.00 | 32.00 | OK | |
| r-release-macos-x86_64 | 2.2.2 | 2.00 | 49.00 | 51.00 | OK | |
| r-release-windows-x86_64 | 2.2.2 | 4.00 | 49.00 | 53.00 | OK | |
| r-oldrel-macos-arm64 | 2.2.2 | 1.00 | 24.00 | 25.00 | NOTE | |
| r-oldrel-macos-x86_64 | 2.2.2 | 2.00 | 33.00 | 35.00 | NOTE | |
| r-oldrel-windows-x86_64 | 2.2.2 | 5.00 | 55.00 | 60.00 | NOTE | 
Version: 2.2.2
Check: CRAN incoming feasibility
Result: NOTE
  Maintainer: ‘Subhasree Bose <subhasree10.7@gmail.com>’
  
  No Authors@R field in DESCRIPTION.
  Please add one, modifying
    Authors@R: c(person(given = c("Subhasree", "Bose", "with", "contributons", "from", "Saptarsi"),
                        family = "Goswami.",
                        role = "aut",
                        email = "subhasree10.7@gmail.com"),
                 person(given = "Subhasree",
                        family = "Bose",
                        role = "cre",
                        email = "subhasree10.7@gmail.com"))
  as necessary.
Flavors: r-devel-linux-x86_64-debian-clang, r-devel-linux-x86_64-debian-gcc
Version: 2.2.2
Check: LazyData
Result: NOTE
    'LazyData' is specified without a 'data' directory
Flavors: r-oldrel-macos-arm64, r-oldrel-macos-x86_64, r-oldrel-windows-x86_64