Last updated on 2025-10-31 02:50:42 CET.
| Flavor | Version | Tinstall | Tcheck | Ttotal | Status | Flags | 
|---|---|---|---|---|---|---|
| r-devel-linux-x86_64-debian-clang | 1.5 | 1.77 | 25.61 | 27.38 | NOTE | |
| r-devel-linux-x86_64-debian-gcc | 1.5 | 1.36 | 21.70 | 23.06 | NOTE | |
| r-devel-linux-x86_64-fedora-clang | 1.5 | 42.48 | OK | |||
| r-devel-linux-x86_64-fedora-gcc | 1.5 | 53.44 | OK | |||
| r-devel-windows-x86_64 | 1.5 | 3.00 | 49.00 | 52.00 | OK | |
| r-patched-linux-x86_64 | 1.5 | 1.83 | 24.33 | 26.16 | OK | |
| r-release-linux-x86_64 | 1.5 | 1.67 | 24.20 | 25.87 | OK | |
| r-release-macos-arm64 | 1.5 | 1.00 | 30.00 | 31.00 | OK | |
| r-release-macos-x86_64 | 1.5 | 2.00 | 44.00 | 46.00 | OK | |
| r-release-windows-x86_64 | 1.5 | 3.00 | 52.00 | 55.00 | OK | |
| r-oldrel-macos-arm64 | 1.5 | 1.00 | 22.00 | 23.00 | NOTE | |
| r-oldrel-macos-x86_64 | 1.5 | 1.00 | 36.00 | 37.00 | NOTE | |
| r-oldrel-windows-x86_64 | 1.5 | 4.00 | 52.00 | 56.00 | NOTE | 
Version: 1.5
Check: CRAN incoming feasibility
Result: NOTE
  Maintainer: ‘Subhasree Bose <subhasree10.7@gmail.com>’
  
  No Authors@R field in DESCRIPTION.
  Please add one, modifying
    Authors@R: person(given = "Subhasree",
                      family = "Bose",
                      role = c("aut", "cre"),
                      email = "subhasree10.7@gmail.com")
  as necessary.
Flavors: r-devel-linux-x86_64-debian-clang, r-devel-linux-x86_64-debian-gcc
Version: 1.5
Check: LazyData
Result: NOTE
    'LazyData' is specified without a 'data' directory
Flavors: r-oldrel-macos-arm64, r-oldrel-macos-x86_64, r-oldrel-windows-x86_64