Last updated on 2025-10-31 02:50:42 CET.
| Flavor | Version | Tinstall | Tcheck | Ttotal | Status | Flags | 
|---|---|---|---|---|---|---|
| r-devel-linux-x86_64-debian-clang | 1.4.3 | 13.13 | 109.53 | 122.66 | NOTE | |
| r-devel-linux-x86_64-debian-gcc | 1.4.3 | 10.05 | 81.08 | 91.13 | NOTE | |
| r-devel-linux-x86_64-fedora-clang | 1.4.3 | 26.00 | 154.65 | 180.65 | NOTE | |
| r-devel-linux-x86_64-fedora-gcc | 1.4.3 | 27.00 | 144.33 | 171.33 | NOTE | |
| r-devel-windows-x86_64 | 1.4.3 | 21.00 | 118.00 | 139.00 | OK | |
| r-patched-linux-x86_64 | 1.4.3 | 13.49 | 102.31 | 115.80 | OK | |
| r-release-linux-x86_64 | 1.4.3 | 12.71 | 102.73 | 115.44 | OK | |
| r-release-macos-arm64 | 1.4.3 | 7.00 | 49.00 | 56.00 | OK | |
| r-release-macos-x86_64 | 1.4.3 | 12.00 | 87.00 | 99.00 | OK | |
| r-release-windows-x86_64 | 1.4.3 | 26.00 | 127.00 | 153.00 | OK | |
| r-oldrel-macos-arm64 | 1.4.3 | 7.00 | 49.00 | 56.00 | OK | |
| r-oldrel-macos-x86_64 | 1.4.3 | 10.00 | 73.00 | 83.00 | OK | |
| r-oldrel-windows-x86_64 | 1.4.3 | 26.00 | 142.00 | 168.00 | OK | 
Version: 1.4.3
Check: CRAN incoming feasibility
Result: NOTE
  Maintainer: ‘Loren Collingwood <loren.collingwood@gmail.com>’
  
  No Authors@R field in DESCRIPTION.
  Please add one, modifying
    Authors@R: c(person(given = c("Timothy", "P."),
                        family = "Jurka",
                        role = "aut"),
                 person(given = "Loren",
                        family = "Collingwood",
                        role = c("aut", "cre"),
                        email = "loren.collingwood@gmail.com"),
                 person(given = c("Amber", "E."),
                        family = "Boydstun",
                        role = "aut"),
                 person(given = "Emiliano",
                        family = "Grossman",
                        role = "aut"),
                 person(given = "Wouter",
                        family = "van Atteveldt",
                        role = "aut"))
  as necessary.
Flavors: r-devel-linux-x86_64-debian-clang, r-devel-linux-x86_64-debian-gcc
Version: 1.4.3
Check: compiled code
Result: NOTE
  File ‘RTextTools/libs/RTextTools.so’:
    Found no calls to: ‘R_registerRoutines’, ‘R_useDynamicSymbols’
  
  It is good practice to register native routines and to disable symbol
  search.
  
  See ‘Writing portable packages’ in the ‘Writing R Extensions’ manual.
Flavors: r-devel-linux-x86_64-fedora-clang, r-devel-linux-x86_64-fedora-gcc