Last updated on 2025-10-30 02:49:10 CET.
| Flavor | Version | Tinstall | Tcheck | Ttotal | Status | Flags | 
|---|---|---|---|---|---|---|
| r-devel-linux-x86_64-debian-clang | 0.2-3 | 23.65 | 162.01 | 185.66 | NOTE | |
| r-devel-linux-x86_64-debian-gcc | 0.2-3 | 18.71 | 121.30 | 140.01 | NOTE | |
| r-devel-linux-x86_64-fedora-clang | 0.2-3 | 65.00 | 237.47 | 302.47 | OK | |
| r-devel-linux-x86_64-fedora-gcc | 0.2-3 | 50.00 | 235.48 | 285.48 | OK | |
| r-devel-windows-x86_64 | 0.2-3 | 37.00 | 267.00 | 304.00 | OK | |
| r-patched-linux-x86_64 | 0.2-3 | 24.79 | 159.93 | 184.72 | OK | |
| r-release-linux-x86_64 | 0.2-3 | 24.54 | 159.77 | 184.31 | OK | |
| r-release-macos-arm64 | 0.2-3 | 13.00 | 83.00 | 96.00 | OK | |
| r-release-macos-x86_64 | 0.2-3 | 25.00 | 126.00 | 151.00 | OK | |
| r-release-windows-x86_64 | 0.2-3 | 30.00 | 221.00 | 251.00 | OK | |
| r-oldrel-macos-arm64 | 0.2-3 | 13.00 | 78.00 | 91.00 | OK | |
| r-oldrel-macos-x86_64 | 0.2-3 | 18.00 | 101.00 | 119.00 | OK | |
| r-oldrel-windows-x86_64 | 0.2-3 | 33.00 | 205.00 | 238.00 | OK | 
Version: 0.2-3
Check: CRAN incoming feasibility
Result: NOTE
  Maintainer: ‘David Leiva <dleivaur@ub.edu>’
  
  No Authors@R field in DESCRIPTION.
  Please add one, modifying
    Authors@R: c(person(given = "Maribel",
                        family = "Pero",
                        role = "aut",
                        email = "mpero@ub.edu"),
                 person(given = "David",
                        family = "Leiva",
                        role = c("aut", "cre"),
                        email = "dleivaur@ub.edu"),
                 person(given = "Joan",
                        family = "Guardia",
                        role = "aut",
                        email = "jguardia@ub.edu"),
                 person(given = "Antonio",
                        family = "Solanas",
                        role = "aut",
                        email = "antonio.solanas@ub.edu"))
  as necessary.
Flavors: r-devel-linux-x86_64-debian-clang, r-devel-linux-x86_64-debian-gcc