Last updated on 2025-10-31 02:50:40 CET.
| Flavor | Version | Tinstall | Tcheck | Ttotal | Status | Flags | 
|---|---|---|---|---|---|---|
| r-devel-linux-x86_64-debian-clang | 1.0-2 | 18.23 | 140.93 | 159.16 | NOTE | |
| r-devel-linux-x86_64-debian-gcc | 1.0-2 | 14.92 | 106.71 | 121.63 | NOTE | |
| r-devel-linux-x86_64-fedora-clang | 1.0-2 | 45.00 | 209.69 | 254.69 | NOTE | |
| r-devel-linux-x86_64-fedora-gcc | 1.0-2 | 83.00 | 183.41 | 266.41 | NOTE | |
| r-devel-windows-x86_64 | 1.0-2 | 36.00 | 253.00 | 289.00 | OK | |
| r-patched-linux-x86_64 | 1.0-2 | 20.63 | 136.83 | 157.46 | OK | |
| r-release-linux-x86_64 | 1.0-2 | 20.83 | 139.49 | 160.32 | OK | |
| r-release-macos-arm64 | 1.0-2 | 13.00 | 78.00 | 91.00 | OK | |
| r-release-macos-x86_64 | 1.0-2 | 19.00 | 123.00 | 142.00 | OK | |
| r-release-windows-x86_64 | 1.0-2 | 27.00 | 206.00 | 233.00 | OK | |
| r-oldrel-macos-arm64 | 1.0-2 | 13.00 | 75.00 | 88.00 | OK | |
| r-oldrel-macos-x86_64 | 1.0-2 | 16.00 | 95.00 | 111.00 | OK | |
| r-oldrel-windows-x86_64 | 1.0-2 | 27.00 | 187.00 | 214.00 | OK | 
Version: 1.0-2
Check: CRAN incoming feasibility
Result: NOTE
  Maintainer: ‘Marcelo Goulart Correia <mgoulart.inc@gmail.com>’
  
  No Authors@R field in DESCRIPTION.
  Please add one, modifying
    Authors@R: person(given = c("Marcelo", "Goulart"),
                      family = "Correia",
                      role = c("aut", "cre"),
                      email = "mgoulart.inc@gmail.com")
  as necessary.
Flavors: r-devel-linux-x86_64-debian-clang, r-devel-linux-x86_64-debian-gcc
Version: 1.0-2
Check: Rd files
Result: NOTE
  checkRd: (-1) RcmdrPlugin.RMTCJags-package.Rd:14-20: Only 2 columns allowed in this table (row 6 has 1)
Flavors: r-devel-linux-x86_64-debian-clang, r-devel-linux-x86_64-debian-gcc, r-devel-linux-x86_64-fedora-clang, r-devel-linux-x86_64-fedora-gcc