Last updated on 2025-10-31 02:50:40 CET.
| Flavor | Version | Tinstall | Tcheck | Ttotal | Status | Flags | 
|---|---|---|---|---|---|---|
| r-devel-linux-x86_64-debian-clang | 1.1 | 14.11 | 58.25 | 72.36 | NOTE | |
| r-devel-linux-x86_64-debian-gcc | 1.1 | 10.13 | 44.34 | 54.47 | NOTE | |
| r-devel-linux-x86_64-fedora-clang | 1.1 | 29.00 | 86.16 | 115.16 | NOTE | |
| r-devel-linux-x86_64-fedora-gcc | 1.1 | 30.00 | 81.30 | 111.30 | NOTE | |
| r-devel-windows-x86_64 | 1.1 | 18.00 | 100.00 | 118.00 | NOTE | |
| r-patched-linux-x86_64 | 1.1 | 14.45 | 57.12 | 71.57 | NOTE | |
| r-release-linux-x86_64 | 1.1 | 14.63 | 57.02 | 71.65 | NOTE | |
| r-release-macos-arm64 | 1.1 | 6.00 | 24.00 | 30.00 | NOTE | |
| r-release-macos-x86_64 | 1.1 | 10.00 | 38.00 | 48.00 | NOTE | |
| r-release-windows-x86_64 | 1.1 | 18.00 | 100.00 | 118.00 | NOTE | |
| r-oldrel-macos-arm64 | 1.1 | 7.00 | 22.00 | 29.00 | NOTE | |
| r-oldrel-macos-x86_64 | 1.1 | 10.00 | 40.00 | 50.00 | NOTE | |
| r-oldrel-windows-x86_64 | 1.1 | 23.00 | 115.00 | 138.00 | NOTE | 
Version: 1.1
Check: CRAN incoming feasibility
Result: NOTE
  Maintainer: ‘Zach DeBruine <zacharydebruine@gmail.com>’
  
  No Authors@R field in DESCRIPTION.
  Please add one, modifying
    Authors@R: person(given = "Zach",
                      family = "DeBruine",
                      role = c("aut", "cre"),
                      email = "zacharydebruine@gmail.com")
  as necessary.
Flavors: r-devel-linux-x86_64-debian-clang, r-devel-linux-x86_64-debian-gcc
Version: 1.1
Check: C++ specification
Result: NOTE
    Specified C++11: please drop specification unless essential
Flavors: r-devel-linux-x86_64-debian-clang, r-devel-linux-x86_64-debian-gcc, r-devel-linux-x86_64-fedora-clang, r-devel-linux-x86_64-fedora-gcc, r-devel-windows-x86_64, r-patched-linux-x86_64, r-release-linux-x86_64, r-release-macos-arm64, r-release-macos-x86_64, r-release-windows-x86_64, r-oldrel-macos-arm64, r-oldrel-macos-x86_64, r-oldrel-windows-x86_64