Last updated on 2025-10-31 02:50:40 CET.
| Flavor | Version | Tinstall | Tcheck | Ttotal | Status | Flags | 
|---|---|---|---|---|---|---|
| r-devel-linux-x86_64-debian-clang | 0.1.2 | 157.59 | 27.95 | 185.54 | NOTE | |
| r-devel-linux-x86_64-debian-gcc | 0.1.2 | 95.51 | 22.31 | 117.82 | NOTE | |
| r-devel-linux-x86_64-fedora-clang | 0.1.2 | 429.00 | -37.60 | 391.40 | OK | |
| r-devel-linux-x86_64-fedora-gcc | 0.1.2 | 302.00 | 7.70 | 309.70 | OK | |
| r-devel-windows-x86_64 | 0.1.2 | 200.00 | 83.00 | 283.00 | OK | |
| r-patched-linux-x86_64 | 0.1.2 | 150.25 | 25.29 | 175.54 | OK | |
| r-release-linux-x86_64 | 0.1.2 | 152.23 | 25.00 | 177.23 | OK | |
| r-release-macos-arm64 | 0.1.2 | 49.00 | 15.00 | 64.00 | OK | |
| r-release-macos-x86_64 | 0.1.2 | 47.00 | 29.00 | 76.00 | OK | |
| r-release-windows-x86_64 | 0.1.2 | 214.00 | 93.00 | 307.00 | OK | |
| r-oldrel-macos-arm64 | 0.1.2 | 47.00 | 15.00 | 62.00 | NOTE | |
| r-oldrel-macos-x86_64 | 0.1.2 | 43.00 | 27.00 | 70.00 | NOTE | |
| r-oldrel-windows-x86_64 | 0.1.2 | 195.00 | 117.00 | 312.00 | OK | 
Version: 0.1.2
Check: CRAN incoming feasibility
Result: NOTE
  Maintainer: ‘Dirk Eddelbuettel <edd@debian.org>’
  
  No Authors@R field in DESCRIPTION.
  Please add one, modifying
    Authors@R: c(person(given = c("Dirk", "Eddelbuettel;", "the"),
                        family = "authors",
                        role = "aut"),
                 person(given = c("contributors", "of"),
                        family = "QuantLib",
                        role = "aut"),
                 person(given = "Dirk",
                        family = "Eddelbuettel",
                        role = "cre",
                        email = "edd@debian.org"))
  as necessary.
Flavors: r-devel-linux-x86_64-debian-clang, r-devel-linux-x86_64-debian-gcc
Version: 0.1.2
Check: installed package size
Result: NOTE
    installed size is  8.4Mb
    sub-directories of 1Mb or more:
      libs   8.3Mb
Flavors: r-oldrel-macos-arm64, r-oldrel-macos-x86_64