Last updated on 2025-10-30 02:49:10 CET.
| Flavor | Version | Tinstall | Tcheck | Ttotal | Status | Flags | 
|---|---|---|---|---|---|---|
| r-devel-linux-x86_64-debian-clang | 0.0.23 | 62.17 | 31.94 | 94.11 | OK | |
| r-devel-linux-x86_64-debian-gcc | 0.0.23 | 49.21 | 25.74 | 74.95 | OK | |
| r-devel-linux-x86_64-fedora-clang | 0.0.23 | 78.00 | 51.81 | 129.81 | OK | |
| r-devel-linux-x86_64-fedora-gcc | 0.0.23 | 101.00 | 86.05 | 187.05 | OK | |
| r-devel-windows-x86_64 | 0.0.23 | 70.00 | 86.00 | 156.00 | OK | |
| r-patched-linux-x86_64 | 0.0.23 | 68.88 | 28.91 | 97.79 | OK | |
| r-release-linux-x86_64 | 0.0.23 | 68.16 | 28.75 | 96.91 | OK | |
| r-release-macos-arm64 | 0.0.23 | 25.00 | 69.00 | 94.00 | OK | |
| r-release-macos-x86_64 | 0.0.23 | 32.00 | 104.00 | 136.00 | OK | |
| r-release-windows-x86_64 | 0.0.23 | 74.00 | 94.00 | 168.00 | OK | |
| r-oldrel-macos-arm64 | 0.0.23 | 26.00 | 73.00 | 99.00 | NOTE | |
| r-oldrel-macos-x86_64 | 0.0.23 | 38.00 | 94.00 | 132.00 | NOTE | |
| r-oldrel-windows-x86_64 | 0.0.23 | 76.00 | 115.00 | 191.00 | OK | 
Version: 0.0.23
Check: installed package size
Result: NOTE
    installed size is  7.0Mb
    sub-directories of 1Mb or more:
      include   1.2Mb
      libs      5.5Mb
Flavors: r-oldrel-macos-arm64, r-oldrel-macos-x86_64