Last updated on 2025-10-30 02:49:10 CET.
| Flavor | Version | Tinstall | Tcheck | Ttotal | Status | Flags | 
|---|---|---|---|---|---|---|
| r-devel-linux-x86_64-debian-clang | 1.0.2 | 2.59 | 22.85 | 25.44 | NOTE | |
| r-devel-linux-x86_64-debian-gcc | 1.0.2 | 1.86 | 17.91 | 19.77 | NOTE | |
| r-devel-linux-x86_64-fedora-clang | 1.0.2 | 38.39 | OK | |||
| r-devel-linux-x86_64-fedora-gcc | 1.0.2 | 35.62 | OK | |||
| r-devel-windows-x86_64 | 1.0.2 | 4.00 | 40.00 | 44.00 | OK | |
| r-patched-linux-x86_64 | 1.0.2 | 2.24 | 21.40 | 23.64 | OK | |
| r-release-linux-x86_64 | 1.0.2 | 2.54 | 21.58 | 24.12 | OK | |
| r-release-macos-arm64 | 1.0.2 | 1.00 | 14.00 | 15.00 | OK | |
| r-release-macos-x86_64 | 1.0.2 | 2.00 | 23.00 | 25.00 | OK | |
| r-release-windows-x86_64 | 1.0.2 | 5.00 | 41.00 | 46.00 | OK | |
| r-oldrel-macos-arm64 | 1.0.2 | 1.00 | 14.00 | 15.00 | OK | |
| r-oldrel-macos-x86_64 | 1.0.2 | 2.00 | 19.00 | 21.00 | OK | |
| r-oldrel-windows-x86_64 | 1.0.2 | 4.00 | 46.00 | 50.00 | OK | 
Version: 1.0.2
Check: CRAN incoming feasibility
Result: NOTE
  Maintainer: ‘Hyungsuk Tak <hyungsuk.tak@gmail.com>’
  
  No Authors@R field in DESCRIPTION.
  Please add one, modifying
    Authors@R: c(person(given = "Zhirui",
                        family = "Hu",
                        role = "aut"),
                 person(given = "Hyungsuk",
                        family = "Tak",
                        role = c("aut", "cre"),
                        email = "hyungsuk.tak@gmail.com"))
  as necessary.
  
  The Description field contains
    Also see Hu and Tak (2020) <arXiv:2005.08049>.
  Please refer to arXiv e-prints via their arXiv DOI <doi:10.48550/arXiv.YYMM.NNNNN>.
Flavors: r-devel-linux-x86_64-debian-clang, r-devel-linux-x86_64-debian-gcc