Last updated on 2025-10-31 02:50:41 CET.
| Flavor | Version | Tinstall | Tcheck | Ttotal | Status | Flags | 
|---|---|---|---|---|---|---|
| r-devel-linux-x86_64-debian-clang | 4.0 | 3.49 | 54.82 | 58.31 | NOTE | |
| r-devel-linux-x86_64-debian-gcc | 4.0 | 2.23 | 43.15 | 45.38 | NOTE | |
| r-devel-linux-x86_64-fedora-clang | 4.0 | 88.02 | NOTE | |||
| r-devel-linux-x86_64-fedora-gcc | 4.0 | 85.68 | NOTE | |||
| r-devel-windows-x86_64 | 4.0 | 7.00 | 86.00 | 93.00 | NOTE | |
| r-patched-linux-x86_64 | 4.0 | 4.28 | 52.64 | 56.92 | NOTE | |
| r-release-linux-x86_64 | 4.0 | 3.09 | 52.47 | 55.56 | NOTE | |
| r-release-macos-arm64 | 4.0 | 2.00 | 34.00 | 36.00 | NOTE | |
| r-release-macos-x86_64 | 4.0 | 3.00 | 82.00 | 85.00 | NOTE | |
| r-release-windows-x86_64 | 4.0 | 6.00 | 88.00 | 94.00 | NOTE | |
| r-oldrel-macos-arm64 | 4.0 | 1.00 | 35.00 | 36.00 | NOTE | |
| r-oldrel-macos-x86_64 | 4.0 | 4.00 | 65.00 | 69.00 | NOTE | |
| r-oldrel-windows-x86_64 | 4.0 | 6.00 | 86.00 | 92.00 | NOTE | 
Version: 4.0
Check: CRAN incoming feasibility
Result: NOTE
  Maintainer: ‘Dennis Boos <boos@ncsu.edu>’
  
  No Authors@R field in DESCRIPTION.
  Please add one, modifying
    Authors@R: c(person(given = c("Dennis", "D."),
                        family = "Boos",
                        role = "aut"),
                 person(given = "Douglas",
                        family = "Nychka",
                        role = "aut"),
                 person(given = "Dennis",
                        family = "Boos",
                        role = "cre",
                        email = "boos@ncsu.edu"))
  as necessary.
Flavors: r-devel-linux-x86_64-debian-clang, r-devel-linux-x86_64-debian-gcc
Version: 4.0
Check: Rd files
Result: NOTE
  checkRd: (-1) Exponential.Rd:52: Escaped LaTeX specials: \&
  checkRd: (-1) Gamma.Rd:80: Escaped LaTeX specials: \&
  checkRd: (-1) college.Rd:13: Escaped LaTeX specials: \$
  checkRd: (-1) college.Rd:15: Escaped LaTeX specials: \$
Flavors: r-devel-linux-x86_64-debian-clang, r-devel-linux-x86_64-debian-gcc, r-devel-linux-x86_64-fedora-clang, r-devel-linux-x86_64-fedora-gcc, r-devel-windows-x86_64, r-patched-linux-x86_64, r-release-linux-x86_64, r-release-macos-arm64, r-release-macos-x86_64, r-release-windows-x86_64, r-oldrel-macos-arm64, r-oldrel-macos-x86_64, r-oldrel-windows-x86_64