Last updated on 2025-10-31 02:50:42 CET.
| Flavor | Version | Tinstall | Tcheck | Ttotal | Status | Flags | 
|---|---|---|---|---|---|---|
| r-devel-linux-x86_64-debian-clang | 1.2 | 5.55 | 29.56 | 35.11 | NOTE | |
| r-devel-linux-x86_64-debian-gcc | 1.2 | 4.66 | 23.12 | 27.78 | NOTE | |
| r-devel-linux-x86_64-fedora-clang | 1.2 | 13.00 | 38.74 | 51.74 | OK | |
| r-devel-linux-x86_64-fedora-gcc | 1.2 | 12.00 | 37.85 | 49.85 | OK | |
| r-devel-windows-x86_64 | 1.2 | 9.00 | 50.00 | 59.00 | OK | |
| r-patched-linux-x86_64 | 1.2 | 5.85 | 27.83 | 33.68 | OK | |
| r-release-linux-x86_64 | 1.2 | 5.18 | 28.26 | 33.44 | OK | |
| r-release-macos-arm64 | 1.2 | 3.00 | 17.00 | 20.00 | OK | |
| r-release-macos-x86_64 | 1.2 | 8.00 | 27.00 | 35.00 | OK | |
| r-release-windows-x86_64 | 1.2 | 7.00 | 54.00 | 61.00 | OK | |
| r-oldrel-macos-arm64 | 1.2 | 3.00 | 16.00 | 19.00 | OK | |
| r-oldrel-macos-x86_64 | 1.2 | 5.00 | 22.00 | 27.00 | OK | |
| r-oldrel-windows-x86_64 | 1.2 | 9.00 | 59.00 | 68.00 | OK | 
Version: 1.2
Check: CRAN incoming feasibility
Result: NOTE
  Maintainer: ‘Evan Biederstedt <evan.biederstedt@gmail.com>’
  
  No Authors@R field in DESCRIPTION.
  Please add one, modifying
    Authors@R: c(person(given = "Jeffrey",
                        family = "Horner",
                        role = "aut"),
                 person(given = "Evan",
                        family = "Biederstedt",
                        role = c("aut", "cre"),
                        email = "evan.biederstedt@gmail.com"))
  as necessary.
Flavors: r-devel-linux-x86_64-debian-clang, r-devel-linux-x86_64-debian-gcc