Last updated on 2025-10-31 02:50:42 CET.
| Flavor | Version | Tinstall | Tcheck | Ttotal | Status | Flags | 
|---|---|---|---|---|---|---|
| r-devel-linux-x86_64-debian-clang | 1.0.0 | 5.03 | 54.64 | 59.67 | NOTE | |
| r-devel-linux-x86_64-debian-gcc | 1.0.0 | 4.66 | 38.98 | 43.64 | NOTE | |
| r-devel-linux-x86_64-fedora-clang | 1.0.0 | 12.00 | 78.46 | 90.46 | NOTE | |
| r-devel-linux-x86_64-fedora-gcc | 1.0.0 | 12.00 | 76.15 | 88.15 | NOTE | |
| r-devel-windows-x86_64 | 1.0.0 | 7.00 | 62.00 | 69.00 | OK | |
| r-patched-linux-x86_64 | 1.0.0 | 5.59 | 49.66 | 55.25 | OK | |
| r-release-linux-x86_64 | 1.0.0 | 6.01 | 49.41 | 55.42 | OK | |
| r-release-macos-arm64 | 1.0.0 | 2.00 | 19.00 | 21.00 | OK | |
| r-release-macos-x86_64 | 1.0.0 | 4.00 | 39.00 | 43.00 | OK | |
| r-release-windows-x86_64 | 1.0.0 | 7.00 | 64.00 | 71.00 | OK | |
| r-oldrel-macos-arm64 | 1.0.0 | 2.00 | 21.00 | 23.00 | OK | |
| r-oldrel-macos-x86_64 | 1.0.0 | 4.00 | 33.00 | 37.00 | OK | |
| r-oldrel-windows-x86_64 | 1.0.0 | 9.00 | 78.00 | 87.00 | OK | 
Version: 1.0.0
Check: CRAN incoming feasibility
Result: NOTE
  Maintainer: ‘Brad Cable <brad@bcable.net>’
  
  No Authors@R field in DESCRIPTION.
  Please add one, modifying
    Authors@R: person(given = "Brad",
                      family = "Cable",
                      role = c("aut", "cre"),
                      email = "brad@bcable.net")
  as necessary.
Flavors: r-devel-linux-x86_64-debian-clang, r-devel-linux-x86_64-debian-gcc
Version: 1.0.0
Check: dependencies in R code
Result: NOTE
  Namespace in Imports field not imported from: ‘utils’
    All declared Imports should be used.
Flavors: r-devel-linux-x86_64-fedora-clang, r-devel-linux-x86_64-fedora-gcc