Last updated on 2025-10-30 02:49:13 CET.
| Flavor | Version | Tinstall | Tcheck | Ttotal | Status | Flags | 
|---|---|---|---|---|---|---|
| r-devel-linux-x86_64-debian-clang | 0.1.1 | 2.80 | 33.63 | 36.43 | NOTE | |
| r-devel-linux-x86_64-debian-gcc | 0.1.1 | 2.18 | 26.56 | 28.74 | NOTE | |
| r-devel-linux-x86_64-fedora-clang | 0.1.1 | 54.14 | NOTE | |||
| r-devel-linux-x86_64-fedora-gcc | 0.1.1 | 52.93 | NOTE | |||
| r-devel-windows-x86_64 | 0.1.1 | 4.00 | 51.00 | 55.00 | OK | |
| r-patched-linux-x86_64 | 0.1.1 | 3.06 | 31.82 | 34.88 | OK | |
| r-release-linux-x86_64 | 0.1.1 | 2.85 | 31.81 | 34.66 | OK | |
| r-release-macos-arm64 | 0.1.1 | 2.00 | 33.00 | 35.00 | OK | |
| r-release-macos-x86_64 | 0.1.1 | 3.00 | 34.00 | 37.00 | OK | |
| r-release-windows-x86_64 | 0.1.1 | 5.00 | 54.00 | 59.00 | OK | |
| r-oldrel-macos-arm64 | 0.1.1 | 2.00 | 22.00 | 24.00 | NOTE | |
| r-oldrel-macos-x86_64 | 0.1.1 | 2.00 | 27.00 | 29.00 | NOTE | |
| r-oldrel-windows-x86_64 | 0.1.1 | 8.00 | 62.00 | 70.00 | NOTE | 
Version: 0.1.1
Check: CRAN incoming feasibility
Result: NOTE
  Maintainer: ‘Dipankar Bandyopadhyay <bandyopd@gmail.com>’
  
  No Authors@R field in DESCRIPTION.
  Please add one, modifying
    Authors@R: c(person(given = "Jing",
                        family = "Xu",
                        role = "aut"),
                 person(given = "Dipankar",
                        family = "Bandyopadhyay",
                        role = c("aut", "cre"),
                        email = "bandyopd@gmail.com"),
                 person(given = "Douglas",
                        family = "Azevedo",
                        role = "aut"),
                 person(given = "Bibhas",
                        family = "Chakraborty",
                        role = "aut"))
  as necessary.
  
  The Description field contains
    <arXiv:1902.09386>.
  Please refer to arXiv e-prints via their arXiv DOI <doi:10.48550/arXiv.YYMM.NNNNN>.
Flavors: r-devel-linux-x86_64-debian-clang, r-devel-linux-x86_64-debian-gcc
Version: 0.1.1
Check: dependencies in R code
Result: NOTE
  Namespace in Imports field not imported from: ‘covr’
    All declared Imports should be used.
Flavors: r-devel-linux-x86_64-fedora-clang, r-devel-linux-x86_64-fedora-gcc
Version: 0.1.1
Check: LazyData
Result: NOTE
    'LazyData' is specified without a 'data' directory
Flavors: r-oldrel-macos-arm64, r-oldrel-macos-x86_64, r-oldrel-windows-x86_64