Last updated on 2025-10-30 02:49:13 CET.
| Flavor | Version | Tinstall | Tcheck | Ttotal | Status | Flags | 
|---|---|---|---|---|---|---|
| r-devel-linux-x86_64-debian-clang | 0.8.2 | 45.94 | 168.39 | 214.33 | WARN | |
| r-devel-linux-x86_64-debian-gcc | 0.8.2 | 25.75 | 112.27 | 138.02 | WARN | |
| r-devel-linux-x86_64-fedora-clang | 0.8.2 | 111.00 | 254.92 | 365.92 | NOTE | |
| r-devel-linux-x86_64-fedora-gcc | 0.8.2 | 93.00 | 282.58 | 375.58 | NOTE | |
| r-devel-windows-x86_64 | 0.8.2 | 60.00 | 182.00 | 242.00 | NOTE | |
| r-patched-linux-x86_64 | 0.8.2 | 47.44 | 155.28 | 202.72 | NOTE | |
| r-release-linux-x86_64 | 0.8.2 | 45.82 | 153.86 | 199.68 | NOTE | |
| r-release-macos-arm64 | 0.8.2 | 18.00 | 101.00 | 119.00 | NOTE | |
| r-release-macos-x86_64 | 0.8.2 | 19.00 | 157.00 | 176.00 | NOTE | |
| r-release-windows-x86_64 | 0.8.2 | 61.00 | 189.00 | 250.00 | NOTE | |
| r-oldrel-macos-arm64 | 0.8.2 | 19.00 | 83.00 | 102.00 | NOTE | |
| r-oldrel-macos-x86_64 | 0.8.2 | 15.00 | 120.00 | 135.00 | NOTE | |
| r-oldrel-windows-x86_64 | 0.8.2 | 70.00 | 242.00 | 312.00 | NOTE | 
Version: 0.8.2
Check: CRAN incoming feasibility
Result: NOTE
  Maintainer: ‘Matteo Sesia <msesia@stanford.edu>’
  
  Package CITATION file contains call(s) to old-style citEntry().  Please
  use bibentry() instead.
Flavors: r-devel-linux-x86_64-debian-clang, r-devel-linux-x86_64-debian-gcc
Version: 0.8.2
Check: whether package can be installed
Result: WARN
  Found the following significant warnings:
    /home/hornik/tmp/R.check/r-devel-clang/Work/build/Packages/RcppArmadillo/include/RcppArmadillo/version/arma.h:66:17: warning: Using fallback compilation with Armadillo 14.6.3. Please consider defining -DARMA_USE_CURRENT and also removing C++11 compilation directive. See GitHub issue #475 for more. [-W#pragma-messages]
  See ‘/home/hornik/tmp/R.check/r-devel-clang/Work/PKGS/SNPknock.Rcheck/00install.out’ for details.
  * used C++ compiler: ‘Debian clang version 19.1.7 (7)’
Flavor: r-devel-linux-x86_64-debian-clang
Version: 0.8.2
Check: C++ specification
Result: NOTE
    Specified C++11: please drop specification unless essential
Flavors: r-devel-linux-x86_64-debian-clang, r-devel-linux-x86_64-debian-gcc, r-devel-linux-x86_64-fedora-clang, r-devel-linux-x86_64-fedora-gcc, r-devel-windows-x86_64, r-patched-linux-x86_64, r-release-linux-x86_64, r-release-macos-arm64, r-release-macos-x86_64, r-release-windows-x86_64, r-oldrel-macos-arm64, r-oldrel-macos-x86_64, r-oldrel-windows-x86_64
Version: 0.8.2
Check: Rd files
Result: NOTE
  checkRd: (-1) knockoffGenotypes.Rd:32: Lost braces; missing escapes or markup?
      32 | This function efficiently constructs group-knockoffs of {0,1,2} variables distributed
         |                                                         ^
  checkRd: (-1) knockoffGenotypes.Rd:11: Lost braces; missing escapes or markup?
      11 | \item{X}{a {0,1,2} matrix of size n-by-p containing the original variables.}
         |            ^
  checkRd: (-1) knockoffGenotypes.Rd:29: Lost braces; missing escapes or markup?
      29 | A {0,1,2} matrix of size n-by-p containing the knockoff variables.
         |   ^
Flavors: r-devel-linux-x86_64-debian-clang, r-devel-linux-x86_64-debian-gcc, r-devel-linux-x86_64-fedora-clang, r-devel-linux-x86_64-fedora-gcc, r-devel-windows-x86_64, r-patched-linux-x86_64, r-release-linux-x86_64, r-release-macos-arm64, r-release-macos-x86_64, r-release-windows-x86_64, r-oldrel-macos-arm64, r-oldrel-macos-x86_64, r-oldrel-windows-x86_64
Version: 0.8.2
Check: whether package can be installed
Result: WARN
  Found the following significant warnings:
    /home/hornik/tmp/R.check/r-devel-gcc/Work/build/Packages/RcppArmadillo/include/RcppArmadillo/version/arma.h:66:199: note: ‘#pragma message: Using fallback compilation with Armadillo 14.6.3. Please consider defining -DARMA_USE_CURRENT and also removing C++11 compilation directive. See GitHub issue #475 for more.’
  See ‘/home/hornik/tmp/R.check/r-devel-gcc/Work/PKGS/SNPknock.Rcheck/00install.out’ for details.
  * used C++ compiler: ‘g++-15 (Debian 15.2.0-4) 15.2.0’
Flavor: r-devel-linux-x86_64-debian-gcc
Version: 0.8.2
Check: installed package size
Result: NOTE
    installed size is  6.1Mb
    sub-directories of 1Mb or more:
      extdata   3.1Mb
      libs      2.7Mb
Flavors: r-oldrel-macos-arm64, r-oldrel-macos-x86_64