Last updated on 2025-10-31 02:50:42 CET.
| Flavor | Version | Tinstall | Tcheck | Ttotal | Status | Flags | 
|---|---|---|---|---|---|---|
| r-devel-linux-x86_64-debian-clang | 1.0.0 | 2.88 | 18.32 | 21.20 | NOTE | |
| r-devel-linux-x86_64-debian-gcc | 1.0.0 | 2.39 | 15.36 | 17.75 | NOTE | |
| r-devel-linux-x86_64-fedora-clang | 1.0.0 | 30.51 | OK | |||
| r-devel-linux-x86_64-fedora-gcc | 1.0.0 | 29.36 | OK | |||
| r-devel-windows-x86_64 | 1.0.0 | 7.00 | 35.00 | 42.00 | OK | |
| r-patched-linux-x86_64 | 1.0.0 | 2.85 | 17.43 | 20.28 | OK | |
| r-release-linux-x86_64 | 1.0.0 | 2.89 | 17.21 | 20.10 | OK | |
| r-release-macos-arm64 | 1.0.0 | 3.00 | 13.00 | 16.00 | OK | |
| r-release-macos-x86_64 | 1.0.0 | 4.00 | 20.00 | 24.00 | OK | |
| r-release-windows-x86_64 | 1.0.0 | 7.00 | 37.00 | 44.00 | OK | |
| r-oldrel-macos-arm64 | 1.0.0 | 3.00 | 11.00 | 14.00 | OK | |
| r-oldrel-macos-x86_64 | 1.0.0 | 3.00 | 17.00 | 20.00 | OK | |
| r-oldrel-windows-x86_64 | 1.0.0 | 5.00 | 36.00 | 41.00 | OK | 
Version: 1.0.0
Check: CRAN incoming feasibility
Result: NOTE
  Maintainer: ‘Jonathan Lisic <jlisic@gmail.com>’
  
  No Authors@R field in DESCRIPTION.
  Please add one, modifying
    Authors@R: c(person(given = "Jonathan",
                        family = "Lisic",
                        role = c("aut", "cre"),
                        email = "jlisic@gmail.com"),
                 person(given = "Anton",
                        family = "Grafström",
                        role = "aut"))
  as necessary.
Flavors: r-devel-linux-x86_64-debian-clang, r-devel-linux-x86_64-debian-gcc