Last updated on 2025-10-31 02:50:43 CET.
| Flavor | Version | Tinstall | Tcheck | Ttotal | Status | Flags | 
|---|---|---|---|---|---|---|
| r-devel-linux-x86_64-debian-clang | 2.0.3 | 8.73 | 78.52 | 87.25 | NOTE | |
| r-devel-linux-x86_64-debian-gcc | 2.0.3 | 6.59 | 57.26 | 63.85 | NOTE | |
| r-devel-linux-x86_64-fedora-clang | 2.0.3 | 20.00 | 110.56 | 130.56 | OK | |
| r-devel-linux-x86_64-fedora-gcc | 2.0.3 | 18.00 | 105.36 | 123.36 | OK | |
| r-devel-windows-x86_64 | 2.0.3 | 11.00 | 81.00 | 92.00 | OK | |
| r-patched-linux-x86_64 | 2.0.3 | 8.34 | 71.21 | 79.55 | OK | |
| r-release-linux-x86_64 | 2.0.3 | 9.13 | 72.13 | 81.26 | OK | |
| r-release-macos-arm64 | 2.0.3 | 3.00 | 28.00 | 31.00 | OK | |
| r-release-macos-x86_64 | 2.0.3 | 6.00 | 49.00 | 55.00 | OK | |
| r-release-windows-x86_64 | 2.0.3 | 12.00 | 85.00 | 97.00 | OK | |
| r-oldrel-macos-arm64 | 2.0.3 | 3.00 | 30.00 | 33.00 | OK | |
| r-oldrel-macos-x86_64 | 2.0.3 | 5.00 | 40.00 | 45.00 | OK | |
| r-oldrel-windows-x86_64 | 2.0.3 | 14.00 | 105.00 | 119.00 | OK | 
Version: 2.0.3
Check: CRAN incoming feasibility
Result: NOTE
  Maintainer: ‘Chakkrit Tantithamthavorn <kla@chakkrit.com>’
  
  No Authors@R field in DESCRIPTION.
  Please add one, modifying
    Authors@R: person(given = "Chakkrit",
                      family = "Tantithamthavorn",
                      role = c("aut", "cre"),
                      email = "kla@chakkrit.com")
  as necessary.
Flavors: r-devel-linux-x86_64-debian-clang, r-devel-linux-x86_64-debian-gcc