Last updated on 2025-10-30 02:49:12 CET.
| Flavor | Version | Tinstall | Tcheck | Ttotal | Status | Flags | 
|---|---|---|---|---|---|---|
| r-devel-linux-x86_64-debian-clang | 0.0.3 | 11.73 | 75.03 | 86.76 | NOTE | |
| r-devel-linux-x86_64-debian-gcc | 0.0.3 | 8.66 | 53.78 | 62.44 | NOTE | |
| r-devel-linux-x86_64-fedora-clang | 0.0.3 | 27.00 | 107.12 | 134.12 | OK | |
| r-devel-linux-x86_64-fedora-gcc | 0.0.3 | 26.00 | 102.97 | 128.97 | OK | |
| r-devel-windows-x86_64 | 0.0.3 | 13.00 | 78.00 | 91.00 | OK | |
| r-patched-linux-x86_64 | 0.0.3 | 10.47 | 70.70 | 81.17 | OK | |
| r-release-linux-x86_64 | 0.0.3 | 11.51 | 71.41 | 82.92 | OK | |
| r-release-macos-arm64 | 0.0.3 | 5.00 | 32.00 | 37.00 | OK | |
| r-release-macos-x86_64 | 0.0.3 | 11.00 | 61.00 | 72.00 | OK | |
| r-release-windows-x86_64 | 0.0.3 | 14.00 | 82.00 | 96.00 | OK | |
| r-oldrel-macos-arm64 | 0.0.3 | 5.00 | 32.00 | 37.00 | NOTE | |
| r-oldrel-macos-x86_64 | 0.0.3 | 8.00 | 51.00 | 59.00 | NOTE | |
| r-oldrel-windows-x86_64 | 0.0.3 | 19.00 | 102.00 | 121.00 | NOTE | 
Version: 0.0.3
Check: CRAN incoming feasibility
Result: NOTE
  Maintainer: ‘Raphaël Bonnet <raphael.bonnet@univ-cotedazur.fr>’
  
  No Authors@R field in DESCRIPTION.
  Please add one, modifying
    Authors@R: c(person(given = "Raphael",
                        family = "Bonnet",
                        role = c("aut", "cre")),
                 person(given = "Marion",
                        family = "Guernoté",
                        role = "ctb"),
                 person(given = "Terry",
                        family = "Gouin",
                        role = "ctb"),
                 person(given = "Maxime",
                        family = "Laurens",
                        role = "ctb"),
                 person(given = "Thibault",
                        family = "Meekel",
                        role = "ctb"),
                 person(given = "Jean-François",
                        family = "Peyron",
                        role = c("aut", "ths")),
                 person(given = "Raphaël",
                        family = "Bonnet",
                        role = "cre",
                        email = "raphael.bonnet@univ-cotedazur.fr"))
  as necessary.
Flavors: r-devel-linux-x86_64-debian-clang, r-devel-linux-x86_64-debian-gcc
Version: 0.0.3
Check: LazyData
Result: NOTE
    'LazyData' is specified without a 'data' directory
Flavors: r-oldrel-macos-arm64, r-oldrel-macos-x86_64, r-oldrel-windows-x86_64