Last updated on 2025-10-31 02:50:44 CET.
| Flavor | Version | Tinstall | Tcheck | Ttotal | Status | Flags | 
|---|---|---|---|---|---|---|
| r-devel-linux-x86_64-debian-clang | 0.1.1 | 21.50 | 85.49 | 106.99 | NOTE | |
| r-devel-linux-x86_64-debian-gcc | 0.1.1 | 13.42 | 53.92 | 67.34 | NOTE | |
| r-devel-linux-x86_64-fedora-clang | 0.1.1 | 47.00 | 132.67 | 179.67 | OK | |
| r-devel-linux-x86_64-fedora-gcc | 0.1.1 | 48.00 | 116.03 | 164.03 | OK | |
| r-devel-windows-x86_64 | 0.1.1 | 19.00 | 80.00 | 99.00 | OK | |
| r-patched-linux-x86_64 | 0.1.1 | 21.44 | 81.13 | 102.57 | OK | |
| r-release-linux-x86_64 | 0.1.1 | 22.89 | 79.33 | 102.22 | OK | |
| r-release-macos-arm64 | 0.1.1 | 7.00 | 28.00 | 35.00 | OK | |
| r-release-macos-x86_64 | 0.1.1 | 17.00 | 62.00 | 79.00 | OK | |
| r-release-windows-x86_64 | 0.1.1 | 19.00 | 81.00 | 100.00 | OK | |
| r-oldrel-macos-arm64 | 0.1.1 | 8.00 | 27.00 | 35.00 | OK | |
| r-oldrel-macos-x86_64 | 0.1.1 | 14.00 | 48.00 | 62.00 | OK | |
| r-oldrel-windows-x86_64 | 0.1.1 | 21.00 | 79.00 | 100.00 | OK | 
Version: 0.1.1
Check: CRAN incoming feasibility
Result: NOTE
  Maintainer: ‘Anne Chao <chao@stat.nthu.edu.tw>’
  
  No Authors@R field in DESCRIPTION.
  Please add one, modifying
    Authors@R: c(person(given = "Anne",
                        family = "Chao",
                        role = c("aut", "cre"),
                        email = "chao@stat.nthu.edu.tw"),
                 person(given = c("K.", "H."),
                        family = "Ma",
                        role = "aut"),
                 person(given = c("T.", "C."),
                        family = "Hsieh",
                        role = "aut"),
                 person(given = "Chun-Huo",
                        family = "Chiu",
                        role = "aut"))
  as necessary.
Flavors: r-devel-linux-x86_64-debian-clang, r-devel-linux-x86_64-debian-gcc