Last updated on 2025-10-30 02:49:14 CET.
| Flavor | Version | Tinstall | Tcheck | Ttotal | Status | Flags | 
|---|---|---|---|---|---|---|
| r-devel-linux-x86_64-debian-clang | 1.0.6 | 7.21 | 35.53 | 42.74 | NOTE | |
| r-devel-linux-x86_64-debian-gcc | 1.0.6 | 3.78 | 26.83 | 30.61 | NOTE | |
| r-devel-linux-x86_64-fedora-clang | 1.0.6 | 27.00 | 40.42 | 67.42 | NOTE | |
| r-devel-linux-x86_64-fedora-gcc | 1.0.6 | 14.00 | 46.49 | 60.49 | NOTE | |
| r-devel-windows-x86_64 | 1.0.6 | 10.00 | 48.00 | 58.00 | NOTE | |
| r-patched-linux-x86_64 | 1.0.6 | 6.84 | 32.48 | 39.32 | NOTE | |
| r-release-linux-x86_64 | 1.0.6 | 5.63 | 32.74 | 38.37 | NOTE | |
| r-release-macos-arm64 | 1.0.6 | 3.00 | 20.00 | 23.00 | NOTE | |
| r-release-macos-x86_64 | 1.0.6 | 6.00 | 33.00 | 39.00 | NOTE | |
| r-release-windows-x86_64 | 1.0.6 | 12.00 | 52.00 | 64.00 | NOTE | |
| r-oldrel-macos-arm64 | 1.0.6 | 3.00 | 20.00 | 23.00 | OK | |
| r-oldrel-macos-x86_64 | 1.0.6 | 9.00 | 50.00 | 59.00 | OK | |
| r-oldrel-windows-x86_64 | 1.0.6 | 14.00 | 58.00 | 72.00 | OK | 
Version: 1.0.6
Check: DESCRIPTION meta-information
Result: NOTE
  Author field differs from that derived from Authors@R
    Author:    ‘Johannes Zauner [aut, cre, cph] (<https://orcid.org/0000-0003-2171-4566>), LiTG [fnd, cph] (www.litg.de)’
    Authors@R: ‘Johannes Zauner [aut, cre, cph] (ORCID: <https://orcid.org/0000-0003-2171-4566>), LiTG [fnd, cph] (URL: www.litg.de)’
  
    Missing dependency on R >= 4.1.0 because package code uses the pipe
    |> or function shorthand \(...) syntax added in R 4.1.0.
    File(s) using such syntax:
      ‘analysis_age.R’ ‘analysis_alpha.R’ ‘analysis_helpers.R’
      ‘analysis_helpers_table.R’ ‘analysis_photo.R’ ‘analysis_radio.R’
      ‘analysis_setup.R’ ‘export_Output_Settings.R’ ‘export_download.R’
      ‘export_helpers.R’ ‘export_helpers_plot.R’ ‘export_helpers_table.R’
      ‘import_examples.R’ ‘import_examples_box.R’
Flavors: r-devel-linux-x86_64-debian-clang, r-devel-linux-x86_64-debian-gcc
Version: 1.0.6
Check: DESCRIPTION meta-information
Result: NOTE
    Missing dependency on R >= 4.1.0 because package code uses the pipe
    |> or function shorthand \(...) syntax added in R 4.1.0.
    File(s) using such syntax:
      ‘analysis_age.R’ ‘analysis_alpha.R’ ‘analysis_helpers.R’
      ‘analysis_helpers_table.R’ ‘analysis_photo.R’ ‘analysis_radio.R’
      ‘analysis_setup.R’ ‘export_Output_Settings.R’ ‘export_download.R’
      ‘export_helpers.R’ ‘export_helpers_plot.R’ ‘export_helpers_table.R’
      ‘import_examples.R’ ‘import_examples_box.R’
Flavors: r-devel-linux-x86_64-fedora-clang, r-devel-linux-x86_64-fedora-gcc, r-devel-windows-x86_64, r-patched-linux-x86_64, r-release-linux-x86_64, r-release-macos-arm64, r-release-macos-x86_64, r-release-windows-x86_64