Last updated on 2025-10-30 02:49:14 CET.
| Flavor | Version | Tinstall | Tcheck | Ttotal | Status | Flags | 
|---|---|---|---|---|---|---|
| r-devel-linux-x86_64-debian-clang | 2.0.2 | 14.33 | 118.42 | 132.75 | NOTE | |
| r-devel-linux-x86_64-debian-gcc | 2.0.2 | 11.25 | 87.44 | 98.69 | NOTE | |
| r-devel-linux-x86_64-fedora-clang | 2.0.2 | 28.00 | 176.16 | 204.16 | OK | |
| r-devel-linux-x86_64-fedora-gcc | 2.0.2 | 27.00 | 178.93 | 205.93 | OK | |
| r-devel-windows-x86_64 | 2.0.2 | 15.00 | 107.00 | 122.00 | OK | |
| r-patched-linux-x86_64 | 2.0.2 | 14.32 | 112.15 | 126.47 | OK | |
| r-release-linux-x86_64 | 2.0.2 | 13.81 | 112.70 | 126.51 | OK | |
| r-release-macos-arm64 | 2.0.2 | 8.00 | 83.00 | 91.00 | OK | |
| r-release-macos-x86_64 | 2.0.2 | 11.00 | 125.00 | 136.00 | OK | |
| r-release-windows-x86_64 | 2.0.2 | 14.00 | 109.00 | 123.00 | OK | |
| r-oldrel-macos-arm64 | 2.0.2 | 7.00 | 53.00 | 60.00 | OK | |
| r-oldrel-macos-x86_64 | 2.0.2 | 20.00 | 94.00 | 114.00 | OK | |
| r-oldrel-windows-x86_64 | 2.0.2 | 19.00 | 140.00 | 159.00 | OK | 
Version: 2.0.2
Check: CRAN incoming feasibility
Result: NOTE
  Maintainer: ‘Scott Barlowe <sabarlowe@email.wcu.edu>’
  
  No Authors@R field in DESCRIPTION.
  Please add one, modifying
    Authors@R: person(given = "Scott",
                      family = "Barlowe",
                      role = c("aut", "cre"),
                      email = "sabarlowe@email.wcu.edu")
  as necessary.
Flavors: r-devel-linux-x86_64-debian-clang, r-devel-linux-x86_64-debian-gcc