Last updated on 2025-10-31 02:50:46 CET.
| Flavor | Version | Tinstall | Tcheck | Ttotal | Status | Flags | 
|---|---|---|---|---|---|---|
| r-devel-linux-x86_64-debian-clang | 1.1 | 4.59 | 41.37 | 45.96 | NOTE | |
| r-devel-linux-x86_64-debian-gcc | 1.1 | 3.13 | 30.10 | 33.23 | NOTE | |
| r-devel-linux-x86_64-fedora-clang | 1.1 | 63.84 | NOTE | |||
| r-devel-linux-x86_64-fedora-gcc | 1.1 | 10.00 | 54.23 | 64.23 | NOTE | |
| r-devel-windows-x86_64 | 1.1 | 7.00 | 173.00 | 180.00 | NOTE | |
| r-patched-linux-x86_64 | 1.1 | 4.87 | 38.95 | 43.82 | NOTE | |
| r-release-linux-x86_64 | 1.1 | 3.79 | 40.08 | 43.87 | NOTE | |
| r-release-macos-arm64 | 1.1 | 2.00 | 22.00 | 24.00 | NOTE | |
| r-release-macos-x86_64 | 1.1 | 5.00 | 36.00 | 41.00 | NOTE | |
| r-release-windows-x86_64 | 1.1 | 7.00 | 76.00 | 83.00 | NOTE | |
| r-oldrel-macos-arm64 | 1.1 | 2.00 | 19.00 | 21.00 | NOTE | |
| r-oldrel-macos-x86_64 | 1.1 | 3.00 | 28.00 | 31.00 | NOTE | |
| r-oldrel-windows-x86_64 | 1.1 | 15.00 | 85.00 | 100.00 | NOTE | 
Version: 1.1
Check: CRAN incoming feasibility
Result: NOTE
  Maintainer: ‘Andrea Capozio <andreacapozio@gmail.com>’
  
  No Authors@R field in DESCRIPTION.
  Please add one, modifying
    Authors@R: person(given = "Andrea",
                      family = "Capozio",
                      role = c("aut", "cre"),
                      email = "andreacapozio@gmail.com")
  as necessary.
Flavors: r-devel-linux-x86_64-debian-clang, r-devel-linux-x86_64-debian-gcc
Version: 1.1
Check: Rd files
Result: NOTE
  checkRd: (-1) tv_episode_changes.Rd:29: Lost braces; missing escapes or markup?
      29 | This method is used in conjunction with the /tv/{id}/changes method. This method uses the episode_id value found in the change entries.
         |                                                 ^
  checkRd: (-1) tv_season_changes.Rd:29: Lost braces; missing escapes or markup?
      29 | This method is used in conjunction with the /tv/{id}/changes method. This method uses the season_id value found in the change entries.
         |                                                 ^
Flavors: r-devel-linux-x86_64-debian-clang, r-devel-linux-x86_64-debian-gcc, r-devel-linux-x86_64-fedora-clang, r-devel-linux-x86_64-fedora-gcc, r-devel-windows-x86_64, r-patched-linux-x86_64, r-release-linux-x86_64, r-release-macos-arm64, r-release-macos-x86_64, r-release-windows-x86_64, r-oldrel-macos-arm64, r-oldrel-macos-x86_64, r-oldrel-windows-x86_64
Version: 1.1
Check: LazyData
Result: NOTE
    'LazyData' is specified without a 'data' directory
Flavors: r-oldrel-macos-arm64, r-oldrel-macos-x86_64, r-oldrel-windows-x86_64