Last updated on 2025-07-24 02:52:28 CEST.
Flavor | Version | Tinstall | Tcheck | Ttotal | Status | Flags |
---|---|---|---|---|---|---|
r-devel-linux-x86_64-debian-clang | 3.1.0 | 13.87 | 111.25 | 125.12 | NOTE | |
r-devel-linux-x86_64-debian-gcc | 3.1.0 | 10.61 | 76.67 | 87.28 | NOTE | |
r-devel-linux-x86_64-fedora-clang | 3.1.0 | 193.85 | OK | |||
r-devel-linux-x86_64-fedora-gcc | 3.1.0 | 183.35 | OK | |||
r-devel-windows-x86_64 | 3.1.0 | 14.00 | 254.00 | 268.00 | OK | |
r-patched-linux-x86_64 | 3.1.0 | 13.98 | 104.68 | 118.66 | OK | |
r-release-linux-x86_64 | 3.1.0 | 12.66 | 104.60 | 117.26 | OK | |
r-release-macos-arm64 | 3.1.0 | 52.00 | OK | |||
r-release-macos-x86_64 | 3.1.0 | 97.00 | OK | |||
r-release-windows-x86_64 | 3.1.0 | 16.00 | 114.00 | 130.00 | OK | |
r-oldrel-macos-arm64 | 3.1.0 | 50.00 | OK | |||
r-oldrel-macos-x86_64 | 3.1.0 | 81.00 | OK | |||
r-oldrel-windows-x86_64 | 3.1.0 | 19.00 | 142.00 | 161.00 | OK |
Version: 3.1.0
Check: CRAN incoming feasibility
Result: NOTE
Maintainer: ‘Wei Jiang <jiangwei@hrbmu.edu.cn>’
No Authors@R field in DESCRIPTION.
Please add one, modifying
Authors@R: person(given = "Wei",
family = "Jiang",
role = c("aut", "cre"),
email = "jiangwei@hrbmu.edu.cn")
as necessary.
Flavors: r-devel-linux-x86_64-debian-clang, r-devel-linux-x86_64-debian-gcc