Last updated on 2025-10-30 02:49:15 CET.
| Flavor | Version | Tinstall | Tcheck | Ttotal | Status | Flags | 
|---|---|---|---|---|---|---|
| r-devel-linux-x86_64-debian-clang | 2.13 | 12.37 | 86.33 | 98.70 | NOTE | |
| r-devel-linux-x86_64-debian-gcc | 2.13 | 8.36 | 57.92 | 66.28 | NOTE | |
| r-devel-linux-x86_64-fedora-clang | 2.13 | 31.00 | 120.94 | 151.94 | NOTE | |
| r-devel-linux-x86_64-fedora-gcc | 2.13 | 72.00 | 88.03 | 160.03 | NOTE | |
| r-devel-windows-x86_64 | 2.13 | 13.00 | 109.00 | 122.00 | OK | |
| r-patched-linux-x86_64 | 2.13 | 12.78 | 81.02 | 93.80 | OK | |
| r-release-linux-x86_64 | 2.13 | 12.76 | 82.35 | 95.11 | OK | |
| r-release-macos-arm64 | 2.13 | 4.00 | 34.00 | 38.00 | OK | |
| r-release-macos-x86_64 | 2.13 | 19.00 | 122.00 | 141.00 | OK | |
| r-release-windows-x86_64 | 2.13 | 15.00 | 195.00 | 210.00 | OK | |
| r-oldrel-macos-arm64 | 2.13 | 5.00 | 35.00 | 40.00 | NOTE | |
| r-oldrel-macos-x86_64 | 2.13 | 16.00 | 90.00 | 106.00 | NOTE | |
| r-oldrel-windows-x86_64 | 2.13 | 12.00 | 133.00 | 145.00 | OK | 
Version: 2.13
Check: CRAN incoming feasibility
Result: NOTE
  Maintainer: ‘Greg Snow <538280@gmail.com>’
  
  No Authors@R field in DESCRIPTION.
  Please add one, modifying
    Authors@R: person(given = "Greg",
                      family = "Snow",
                      role = c("aut", "cre"),
                      email = "538280@gmail.com")
  as necessary.
Flavors: r-devel-linux-x86_64-debian-clang, r-devel-linux-x86_64-debian-gcc
Version: 2.13
Check: Rd files
Result: NOTE
  checkRd: (-1) TeachingDemos-package.Rd:65-97: Only 2 columns allowed in this table (row 21 has 1)
Flavors: r-devel-linux-x86_64-debian-clang, r-devel-linux-x86_64-debian-gcc, r-devel-linux-x86_64-fedora-clang, r-devel-linux-x86_64-fedora-gcc
Version: 2.13
Check: package dependencies
Result: NOTE
  Package which this enhances but not available for checking: ‘R2wd’
Flavors: r-oldrel-macos-arm64, r-oldrel-macos-x86_64