Last updated on 2025-10-31 02:50:46 CET.
| Flavor | Version | Tinstall | Tcheck | Ttotal | Status | Flags | 
|---|---|---|---|---|---|---|
| r-devel-linux-x86_64-debian-clang | 1.0.8 | 10.33 | 109.36 | 119.69 | NOTE | |
| r-devel-linux-x86_64-debian-gcc | 1.0.8 | 6.11 | 78.33 | 84.44 | NOTE | |
| r-devel-linux-x86_64-fedora-clang | 1.0.8 | 23.00 | 162.87 | 185.87 | OK | |
| r-devel-linux-x86_64-fedora-gcc | 1.0.8 | 19.00 | 174.77 | 193.77 | OK | |
| r-devel-windows-x86_64 | 1.0.8 | 16.00 | 130.00 | 146.00 | OK | |
| r-patched-linux-x86_64 | 1.0.8 | 9.55 | 102.44 | 111.99 | OK | |
| r-release-linux-x86_64 | 1.0.8 | 9.93 | 104.25 | 114.18 | OK | |
| r-release-macos-arm64 | 1.0.8 | 5.00 | 66.00 | 71.00 | OK | |
| r-release-macos-x86_64 | 1.0.8 | 9.00 | 105.00 | 114.00 | OK | |
| r-release-windows-x86_64 | 1.0.8 | 17.00 | 222.00 | 239.00 | OK | |
| r-oldrel-macos-arm64 | 1.0.8 | 5.00 | 54.00 | 59.00 | NOTE | |
| r-oldrel-macos-x86_64 | 1.0.8 | 11.00 | 119.00 | 130.00 | NOTE | |
| r-oldrel-windows-x86_64 | 1.0.8 | 19.00 | 165.00 | 184.00 | NOTE | 
Version: 1.0.8
Check: CRAN incoming feasibility
Result: NOTE
  Maintainer: ‘Bastian Pfeifer <bastian.pfeifer@medunigraz.at>’
  
  No Authors@R field in DESCRIPTION.
  Please add one, modifying
    Authors@R: c(person(given = c("Michael", "G."),
                        family = "Schimek",
                        role = "aut"),
                 person(given = "Eva",
                        family = "Budinska",
                        role = "aut"),
                 person(given = "Jie",
                        family = "Ding",
                        role = "aut"),
                 person(given = c("Karl", "G."),
                        family = "Kugler",
                        role = "aut"),
                 person(given = "Vendula",
                        family = "Svendova",
                        role = "aut"),
                 person(given = "Shili",
                        family = "Lin",
                        role = "aut"),
                 person(given = "Bastian",
                        family = "Pfeifer",
                        role = c("aut", "cre"),
                        email = "bastian.pfeifer@medunigraz.at"))
  as necessary.
Flavors: r-devel-linux-x86_64-debian-clang, r-devel-linux-x86_64-debian-gcc
Version: 1.0.8
Check: package dependencies
Result: NOTE
  Packages suggested but not available for checking:
    'RGtk2', 'gWidgets2RGtk2'
Flavors: r-oldrel-macos-arm64, r-oldrel-macos-x86_64, r-oldrel-windows-x86_64