Last updated on 2025-10-30 02:49:15 CET.
| Flavor | Version | Tinstall | Tcheck | Ttotal | Status | Flags | 
|---|---|---|---|---|---|---|
| r-devel-linux-x86_64-debian-clang | 2.4 | 11.83 | 86.00 | 97.83 | NOTE | |
| r-devel-linux-x86_64-debian-gcc | 2.4 | 8.47 | 62.72 | 71.19 | NOTE | |
| r-devel-linux-x86_64-fedora-clang | 2.4 | 26.00 | 125.27 | 151.27 | OK | |
| r-devel-linux-x86_64-fedora-gcc | 2.4 | 25.00 | 120.25 | 145.25 | OK | |
| r-devel-windows-x86_64 | 2.4 | 12.00 | 91.00 | 103.00 | OK | |
| r-patched-linux-x86_64 | 2.4 | 11.93 | 82.58 | 94.51 | OK | |
| r-release-linux-x86_64 | 2.4 | 11.21 | 82.25 | 93.46 | OK | |
| r-release-macos-arm64 | 2.4 | 5.00 | 42.00 | 47.00 | OK | |
| r-release-macos-x86_64 | 2.4 | 12.00 | 76.00 | 88.00 | OK | |
| r-release-windows-x86_64 | 2.4 | 13.00 | 95.00 | 108.00 | OK | |
| r-oldrel-macos-arm64 | 2.4 | 5.00 | 37.00 | 42.00 | OK | |
| r-oldrel-macos-x86_64 | 2.4 | 8.00 | 57.00 | 65.00 | OK | |
| r-oldrel-windows-x86_64 | 2.4 | 18.00 | 120.00 | 138.00 | OK | 
Version: 2.4
Check: CRAN incoming feasibility
Result: NOTE
  Maintainer: ‘Tanja Stadler <tanja.stadler@bsse.ethz.ch>’
  
  No Authors@R field in DESCRIPTION.
  Please add one, modifying
    Authors@R: person(given = "Tanja",
                      family = "Stadler",
                      role = c("aut", "cre"),
                      email = "tanja.stadler@bsse.ethz.ch")
  as necessary.
Flavors: r-devel-linux-x86_64-debian-clang, r-devel-linux-x86_64-debian-gcc