Last updated on 2025-07-23 02:54:13 CEST.
Flavor | Version | Tinstall | Tcheck | Ttotal | Status | Flags |
---|---|---|---|---|---|---|
r-devel-linux-x86_64-debian-clang | 1.14.0 | 66.42 | 157.37 | 223.79 | OK | |
r-devel-linux-x86_64-debian-gcc | 1.15.0 | 55.06 | 107.99 | 163.05 | OK | |
r-devel-linux-x86_64-fedora-clang | 1.15.0 | 396.05 | OK | |||
r-devel-linux-x86_64-fedora-gcc | 1.15.0 | 416.08 | OK | |||
r-devel-windows-x86_64 | 1.15.0 | 78.00 | 225.00 | 303.00 | OK | |
r-patched-linux-x86_64 | 1.14.0 | 82.01 | 149.60 | 231.61 | OK | |
r-release-linux-x86_64 | 1.14.0 | 74.19 | 150.88 | 225.07 | OK | |
r-release-macos-arm64 | 1.14.0 | 104.00 | OK | |||
r-release-macos-x86_64 | 1.15.0 | 182.00 | OK | |||
r-release-windows-x86_64 | 1.15.0 | 82.00 | 208.00 | 290.00 | OK | |
r-oldrel-macos-arm64 | 1.14.0 | 97.00 | NOTE | |||
r-oldrel-macos-x86_64 | 1.15.0 | 199.00 | NOTE | |||
r-oldrel-windows-x86_64 | 1.14.0 | 103.00 | 263.00 | 366.00 | OK |
Version: 1.14.0
Check: installed package size
Result: NOTE
installed size is 6.2Mb
sub-directories of 1Mb or more:
R 1.1Mb
libs 3.9Mb
Flavor: r-oldrel-macos-arm64
Version: 1.15.0
Check: installed package size
Result: NOTE
installed size is 5.7Mb
sub-directories of 1Mb or more:
R 1.1Mb
libs 3.5Mb
Flavor: r-oldrel-macos-x86_64