Last updated on 2025-10-31 02:50:46 CET.
| Flavor | Version | Tinstall | Tcheck | Ttotal | Status | Flags | 
|---|---|---|---|---|---|---|
| r-devel-linux-x86_64-debian-clang | 1.1.1 | 1.77 | 32.70 | 34.47 | NOTE | |
| r-devel-linux-x86_64-debian-gcc | 1.1.1 | 1.38 | 25.96 | 27.34 | NOTE | |
| r-devel-linux-x86_64-fedora-clang | 1.1.1 | 52.08 | NOTE | |||
| r-devel-linux-x86_64-fedora-gcc | 1.1.1 | 52.13 | NOTE | |||
| r-devel-windows-x86_64 | 1.1.1 | 4.00 | 52.00 | 56.00 | NOTE | |
| r-patched-linux-x86_64 | 1.1.1 | 2.05 | 31.33 | 33.38 | NOTE | |
| r-release-linux-x86_64 | 1.1.1 | 1.33 | 32.01 | 33.34 | NOTE | |
| r-release-macos-arm64 | 1.1.1 | 2.00 | 22.00 | 24.00 | NOTE | |
| r-release-macos-x86_64 | 1.1.1 | 2.00 | 37.00 | 39.00 | NOTE | |
| r-release-windows-x86_64 | 1.1.1 | 4.00 | 53.00 | 57.00 | NOTE | |
| r-oldrel-macos-arm64 | 1.1.1 | 1.00 | 19.00 | 20.00 | NOTE | |
| r-oldrel-macos-x86_64 | 1.1.1 | 2.00 | 28.00 | 30.00 | NOTE | |
| r-oldrel-windows-x86_64 | 1.1.1 | 4.00 | 61.00 | 65.00 | NOTE | 
Version: 1.1.1
Check: CRAN incoming feasibility
Result: NOTE
  Maintainer: ‘Erika S. Helgeson <helge@umn.edu>’
  
  No Authors@R field in DESCRIPTION.
  Please add one, modifying
    Authors@R: c(person(given = c("Erika", "S."),
                        family = "Helgeson",
                        role = c("aut", "cre"),
                        email = "helge@umn.edu"),
                 person(given = "David",
                        family = "Vock",
                        role = "aut"),
                 person(given = "Eric",
                        family = "Bair",
                        role = "aut"))
  as necessary.
Flavors: r-devel-linux-x86_64-debian-clang, r-devel-linux-x86_64-debian-gcc
Version: 1.1.1
Check: Rd files
Result: NOTE
  checkRd: (-1) UNPaC_Copula.Rd:59: Lost braces; missing escapes or markup?
      59 | \item{\code{selected_features}}: {A vector of integers indicating the features retained by the feature filtering process.}
         |                                  ^
  checkRd: (-1) UNPaC_Copula.Rd:60: Lost braces; missing escapes or markup?
      60 | \item{\code{sim_CI}}: {vector containing the cluster indices for each generated unimodal reference distribution}
         |                       ^
  checkRd: (-1) UNPaC_Copula.Rd:61-62: Lost braces
      61 | \item{\code{pvalue_emp}}: {the empirical p-value:  the proportion of times the cluster index from the reference
         |                           ^
  checkRd: (-1) UNPaC_Copula.Rd:63: Lost braces; missing escapes or markup?
      63 | \item{\code{pvalue_norm}}: {the normalized p-value: the simulated p-value based on comparison to a standard normal distribution }
         |                            ^
  checkRd: (-1) UNPaC_num_clust.Rd:58-62: Lost braces
      58 | \item{\code{BestK}}: {A matrix with 1 row and 4 columns named: "Max_CI","Max_CI_wi_1SE","Max_scaled_CI" and "Max_logWCSS_wi_1SE".
         |                      ^
  checkRd: (-1) UNPaC_num_clust.Rd:63-65: Lost braces
      63 | \item{\code{full_process}}: {A matrix containing the number of clusters, K, evaluated, the CI from the data, the average CI from the null
         |                             ^
  checkRd: (-1) UNPaC_num_clust.Rd:66: Lost braces; missing escapes or markup?
      66 | \item{\code{selected_features}}: {A vector of integers indicating the features retained by the feature filtering process.}}
         |                                  ^
Flavors: r-devel-linux-x86_64-debian-clang, r-devel-linux-x86_64-debian-gcc, r-devel-linux-x86_64-fedora-clang, r-devel-linux-x86_64-fedora-gcc, r-devel-windows-x86_64, r-patched-linux-x86_64, r-release-linux-x86_64, r-release-macos-arm64, r-release-macos-x86_64, r-release-windows-x86_64, r-oldrel-macos-arm64, r-oldrel-macos-x86_64, r-oldrel-windows-x86_64