Last updated on 2025-10-31 02:50:46 CET.
| Flavor | Version | Tinstall | Tcheck | Ttotal | Status | Flags | 
|---|---|---|---|---|---|---|
| r-devel-linux-x86_64-debian-clang | 1.1.0 | 44.89 | 374.77 | 419.66 | NOTE | |
| r-devel-linux-x86_64-debian-gcc | 1.1.0 | 32.78 | 274.68 | 307.46 | NOTE | |
| r-devel-linux-x86_64-fedora-clang | 1.1.0 | 253.00 | 467.23 | 720.23 | OK | |
| r-devel-linux-x86_64-fedora-gcc | 1.1.0 | 334.00 | 376.85 | 710.85 | OK | |
| r-devel-windows-x86_64 | 1.1.0 | 45.00 | 319.00 | 364.00 | OK | |
| r-patched-linux-x86_64 | 1.1.0 | 0.40 | 1.87 | 2.27 | ERROR | |
| r-release-linux-x86_64 | 1.1.0 | 44.55 | 361.43 | 405.98 | OK | |
| r-release-macos-arm64 | 1.1.0 | 19.00 | 141.00 | 160.00 | OK | |
| r-release-macos-x86_64 | 1.1.0 | 37.00 | 260.00 | 297.00 | OK | |
| r-release-windows-x86_64 | 1.1.0 | 48.00 | 323.00 | 371.00 | OK | |
| r-oldrel-macos-arm64 | 1.1.0 | 20.00 | 138.00 | 158.00 | NOTE | |
| r-oldrel-macos-x86_64 | 1.1.0 | 29.00 | 203.00 | 232.00 | NOTE | |
| r-oldrel-windows-x86_64 | 1.1.0 | 60.00 | 433.00 | 493.00 | NOTE | 
Version: 1.1.0
Check: CRAN incoming feasibility
Result: NOTE
  Maintainer: ‘Sean Wen <sean.wenwx@gmail.com>’
  
  No Authors@R field in DESCRIPTION.
  Please add one, modifying
    Authors@R: person(given = "Sean",
                      family = "Wen",
                      role = c("aut", "cre"),
                      email = "sean.wenwx@gmail.com")
  as necessary.
Flavors: r-devel-linux-x86_64-debian-clang, r-devel-linux-x86_64-debian-gcc
Version: 1.1.0
Check: package dependencies
Result: ERROR
  Package required but not available: ‘GenomicAlignments’
  
  See section ‘The DESCRIPTION file’ in the ‘Writing R Extensions’
  manual.
Flavor: r-patched-linux-x86_64
Version: 1.1.0
Check: installed package size
Result: NOTE
    installed size is  9.4Mb
    sub-directories of 1Mb or more:
      extdata   8.7Mb
Flavors: r-oldrel-macos-arm64, r-oldrel-macos-x86_64, r-oldrel-windows-x86_64