Last updated on 2025-07-24 02:52:29 CEST.
Flavor | Version | Tinstall | Tcheck | Ttotal | Status | Flags |
---|---|---|---|---|---|---|
r-devel-linux-x86_64-debian-clang | 0.2.6 | 90.44 | 43.90 | 134.34 | NOTE | |
r-devel-linux-x86_64-debian-gcc | 0.2.6 | 68.78 | 33.96 | 102.74 | NOTE | |
r-devel-linux-x86_64-fedora-clang | 0.2.6 | 250.05 | NOTE | |||
r-devel-linux-x86_64-fedora-gcc | 0.2.6 | 235.01 | NOTE | |||
r-devel-windows-x86_64 | 0.2.6 | 141.00 | 81.00 | 222.00 | NOTE | |
r-patched-linux-x86_64 | 0.2.6 | 93.01 | 40.66 | 133.67 | NOTE | |
r-release-linux-x86_64 | 0.2.6 | 91.78 | 41.31 | 133.09 | NOTE | |
r-release-macos-arm64 | 0.2.6 | 59.00 | NOTE | |||
r-release-macos-x86_64 | 0.2.6 | 70.00 | NOTE | |||
r-release-windows-x86_64 | 0.2.6 | 136.00 | 89.00 | 225.00 | NOTE | |
r-oldrel-macos-arm64 | 0.2.6 | 58.00 | NOTE | |||
r-oldrel-macos-x86_64 | 0.2.6 | 62.00 | NOTE | |||
r-oldrel-windows-x86_64 | 0.2.6 | 153.00 | 103.00 | 256.00 | NOTE |
Version: 0.2.6
Check: Rd files
Result: NOTE
checkRd: (-1) vic_param.Rd:311: Lost braces
311 | albedo must be supplied in code{forcing_veg}. Default = 1.}
| ^
checkRd: (-1) vic_param.Rd:323: Lost braces
323 | supplied in code{forcing_veg}. Default = 1.}
| ^
checkRd: (-1) vic_param.Rd:341: Lost braces
341 | be supplied in code{forcing_veg} Default = 0.}
| ^
Flavors: r-devel-linux-x86_64-debian-clang, r-devel-linux-x86_64-debian-gcc, r-devel-linux-x86_64-fedora-clang, r-devel-linux-x86_64-fedora-gcc, r-devel-windows-x86_64, r-patched-linux-x86_64, r-release-linux-x86_64, r-release-macos-arm64, r-release-macos-x86_64, r-release-windows-x86_64, r-oldrel-macos-arm64, r-oldrel-macos-x86_64, r-oldrel-windows-x86_64