Last updated on 2025-10-31 02:50:47 CET.
| Flavor | Version | Tinstall | Tcheck | Ttotal | Status | Flags | 
|---|---|---|---|---|---|---|
| r-devel-linux-x86_64-debian-clang | 0.1 | 1.61 | 18.05 | 19.66 | NOTE | |
| r-devel-linux-x86_64-debian-gcc | 0.1 | 1.36 | 15.19 | 16.55 | NOTE | |
| r-devel-linux-x86_64-fedora-clang | 0.1 | 29.03 | OK | |||
| r-devel-linux-x86_64-fedora-gcc | 0.1 | 27.85 | OK | |||
| r-devel-windows-x86_64 | 0.1 | 3.00 | 36.00 | 39.00 | OK | |
| r-patched-linux-x86_64 | 0.1 | 1.34 | 17.14 | 18.48 | OK | |
| r-release-linux-x86_64 | 0.1 | 1.40 | 17.09 | 18.49 | OK | |
| r-release-macos-arm64 | 0.1 | 1.00 | 21.00 | 22.00 | OK | |
| r-release-macos-x86_64 | 0.1 | 2.00 | 24.00 | 26.00 | OK | |
| r-release-windows-x86_64 | 0.1 | 2.00 | 38.00 | 40.00 | OK | |
| r-oldrel-macos-arm64 | 0.1 | 1.00 | 14.00 | 15.00 | NOTE | |
| r-oldrel-macos-x86_64 | 0.1 | 1.00 | 19.00 | 20.00 | NOTE | |
| r-oldrel-windows-x86_64 | 0.1 | 5.00 | 42.00 | 47.00 | NOTE | 
Version: 0.1
Check: CRAN incoming feasibility
Result: NOTE
  Maintainer: ‘Rishabh Singh<rishabhsinghrsg@gmail.com>’
  
  No Authors@R field in DESCRIPTION.
  Please add one, modifying
    Authors@R: person(given = "Rishabh",
                      family = "Singh",
                      role = c("aut", "cre"),
                      email = "rishabhsinghrsg@gmail.com")
  as necessary.
Flavors: r-devel-linux-x86_64-debian-clang, r-devel-linux-x86_64-debian-gcc
Version: 0.1
Check: LazyData
Result: NOTE
    'LazyData' is specified without a 'data' directory
Flavors: r-oldrel-macos-arm64, r-oldrel-macos-x86_64, r-oldrel-windows-x86_64