Last updated on 2025-10-31 02:50:47 CET.
| Flavor | Version | Tinstall | Tcheck | Ttotal | Status | Flags | 
|---|---|---|---|---|---|---|
| r-devel-linux-x86_64-debian-clang | 1.0.2 | 1.18 | 13.95 | 15.13 | NOTE | |
| r-devel-linux-x86_64-debian-gcc | 1.0.2 | 1.11 | 11.82 | 12.93 | NOTE | |
| r-devel-linux-x86_64-fedora-clang | 1.0.2 | 21.98 | OK | |||
| r-devel-linux-x86_64-fedora-gcc | 1.0.2 | 22.04 | OK | |||
| r-devel-windows-x86_64 | 1.0.2 | 3.00 | 30.00 | 33.00 | OK | |
| r-patched-linux-x86_64 | 1.0.2 | 1.29 | 13.33 | 14.62 | OK | |
| r-release-linux-x86_64 | 1.0.2 | 1.19 | 13.45 | 14.64 | OK | |
| r-release-macos-arm64 | 1.0.2 | 1.00 | 11.00 | 12.00 | OK | |
| r-release-macos-x86_64 | 1.0.2 | 1.00 | 17.00 | 18.00 | OK | |
| r-release-windows-x86_64 | 1.0.2 | 2.00 | 33.00 | 35.00 | OK | |
| r-oldrel-macos-arm64 | 1.0.2 | 1.00 | 11.00 | 12.00 | OK | |
| r-oldrel-macos-x86_64 | 1.0.2 | 1.00 | 15.00 | 16.00 | OK | |
| r-oldrel-windows-x86_64 | 1.0.2 | 2.00 | 31.00 | 33.00 | OK | 
Version: 1.0.2
Check: CRAN incoming feasibility
Result: NOTE
  Maintainer: ‘Shu Chen <chenshu@umich.edu>’
  
  No Authors@R field in DESCRIPTION.
  Please add one, modifying
    Authors@R: c(person(given = "Shu",
                        family = "Chen",
                        role = c("aut", "cre"),
                        email = "chenshu@umich.edu"),
                 person(given = "Andrzej",
                        family = "Galecki",
                        role = "aut",
                        email = "agalecki@umich.edu"))
  as necessary.
  
  Package CITATION file contains call(s) to old-style personList() or
  as.personList().  Please use c() on person objects instead.
  Package CITATION file contains call(s) to old-style citEntry().  Please
  use bibentry() instead.
Flavors: r-devel-linux-x86_64-debian-clang, r-devel-linux-x86_64-debian-gcc