Last updated on 2025-10-31 02:50:25 CET.
| Flavor | Version | Tinstall | Tcheck | Ttotal | Status | Flags | 
|---|---|---|---|---|---|---|
| r-devel-linux-x86_64-debian-clang | 1.3 | 8.79 | 77.64 | 86.43 | NOTE | |
| r-devel-linux-x86_64-debian-gcc | 1.3 | 7.08 | 57.53 | 64.61 | NOTE | |
| r-devel-linux-x86_64-fedora-clang | 1.3 | 21.00 | 113.98 | 134.98 | OK | |
| r-devel-linux-x86_64-fedora-gcc | 1.3 | 21.00 | 106.61 | 127.61 | OK | |
| r-devel-windows-x86_64 | 1.3 | 12.00 | 80.00 | 92.00 | OK | |
| r-patched-linux-x86_64 | 1.3 | 8.39 | 73.11 | 81.50 | OK | |
| r-release-linux-x86_64 | 1.3 | 8.84 | 72.05 | 80.89 | OK | |
| r-release-macos-arm64 | 1.3 | 4.00 | 34.00 | 38.00 | OK | |
| r-release-macos-x86_64 | 1.3 | 8.00 | 57.00 | 65.00 | OK | |
| r-release-windows-x86_64 | 1.3 | 10.00 | 83.00 | 93.00 | OK | |
| r-oldrel-macos-arm64 | 1.3 | 4.00 | 33.00 | 37.00 | OK | |
| r-oldrel-macos-x86_64 | 1.3 | 6.00 | 47.00 | 53.00 | OK | |
| r-oldrel-windows-x86_64 | 1.3 | 15.00 | 101.00 | 116.00 | OK | 
Version: 1.3
Check: CRAN incoming feasibility
Result: NOTE
  Maintainer: ‘Yushu Shi <shiyushu2006@gmail.com>’
  
  No Authors@R field in DESCRIPTION.
  Please add one, modifying
    Authors@R: person(given = "Yushu",
                      family = "Shi",
                      role = c("aut", "cre"),
                      email = "shiyushu2006@gmail.com")
  as necessary.
Flavors: r-devel-linux-x86_64-debian-clang, r-devel-linux-x86_64-debian-gcc