Last updated on 2025-10-30 02:48:56 CET.
| Flavor | Version | Tinstall | Tcheck | Ttotal | Status | Flags | 
|---|---|---|---|---|---|---|
| r-devel-linux-x86_64-debian-clang | 1.9 | 46.14 | 84.03 | 130.17 | NOTE | |
| r-devel-linux-x86_64-debian-gcc | 1.9 | 34.02 | 59.27 | 93.29 | NOTE | |
| r-devel-linux-x86_64-fedora-clang | 1.9 | 112.00 | 121.69 | 233.69 | OK | |
| r-devel-linux-x86_64-fedora-gcc | 1.9 | 125.00 | 98.83 | 223.83 | OK | |
| r-devel-windows-x86_64 | 1.9 | 62.00 | 113.00 | 175.00 | NOTE | |
| r-patched-linux-x86_64 | 1.9 | 52.04 | 78.05 | 130.09 | NOTE | |
| r-release-linux-x86_64 | 1.9 | 51.07 | 78.41 | 129.48 | NOTE | |
| r-release-macos-arm64 | 1.9 | 19.00 | 39.00 | 58.00 | OK | |
| r-release-macos-x86_64 | 1.9 | 27.00 | 74.00 | 101.00 | OK | |
| r-release-windows-x86_64 | 1.9 | 62.00 | 108.00 | 170.00 | NOTE | |
| r-oldrel-macos-arm64 | 1.9 | 33.00 | 44.00 | 77.00 | NOTE | |
| r-oldrel-macos-x86_64 | 1.9 | 20.00 | 74.00 | 94.00 | NOTE | |
| r-oldrel-windows-x86_64 | 1.9 | 74.00 | 140.00 | 214.00 | OK | 
Version: 1.9
Check: CRAN incoming feasibility
Result: NOTE
  Maintainer: ‘Jean-Michel Marin <jean-michel.marin@umontpellier.fr>’
  
  No Authors@R field in DESCRIPTION.
  Please add one, modifying
    Authors@R: c(person(given = "Jean-Michel",
                        family = "Marin",
                        role = c("aut", "cre"),
                        email = "jean-michel.marin@umontpellier.fr"),
                 person(given = "Louis",
                        family = "Raynal",
                        role = "aut"),
                 person(given = "Pierre",
                        family = "Pudlo",
                        role = "aut"),
                 person(given = c("Christian", "P."),
                        family = "Robert",
                        role = "ctb"),
                 person(given = "Arnaud",
                        family = "Estoup",
                        role = "ctb"))
  as necessary.
Flavors: r-devel-linux-x86_64-debian-clang, r-devel-linux-x86_64-debian-gcc
Version: 1.9
Check: Rd cross-references
Result: NOTE
  Found the following Rd file(s) with Rd \link{} targets missing package
  anchors:
    abcrf.Rd: ranger
    covRegAbcrf.Rd: ranger
    densityPlot.Rd: ranger
    err.regAbcrf.Rd: ranger
    plot.regAbcrf.Rd: ranger
    predict.abcrf.Rd: ranger
    predict.regAbcrf.Rd: predict.ranger, ranger
    predictOOB.Rd: predict.ranger, ranger
    regAbcrf.Rd: ranger
    variableImpPlot.Rd: ranger
  Please provide package anchors for all Rd \link{} targets not in the
  package itself and the base packages.
Flavors: r-devel-linux-x86_64-debian-clang, r-devel-linux-x86_64-debian-gcc, r-devel-windows-x86_64, r-patched-linux-x86_64, r-release-linux-x86_64, r-release-windows-x86_64
Version: 1.9
Check: installed package size
Result: NOTE
    installed size is  5.3Mb
    sub-directories of 1Mb or more:
      data   2.6Mb
      libs   2.4Mb
Flavors: r-oldrel-macos-arm64, r-oldrel-macos-x86_64