CRAN Package Check Results for Package abseil

Last updated on 2025-07-27 02:48:32 CEST.

Flavor Version Tinstall Tcheck Ttotal Status Flags
r-devel-linux-x86_64-debian-clang 2023.8.2.1 1.74 21.09 22.83 OK
r-devel-linux-x86_64-debian-gcc 2023.8.2.1 1.47 17.94 19.41 OK
r-devel-linux-x86_64-fedora-clang 2023.8.2.1 34.83 OK
r-devel-linux-x86_64-fedora-gcc 2023.8.2.1 33.59 OK
r-devel-windows-x86_64 2023.8.2.1 14.00 51.00 65.00 OK
r-patched-linux-x86_64 2023.8.2.1 19.94 19.17 39.11 OK
r-release-linux-x86_64 2023.8.2.1 1.54 19.01 20.55 OK
r-release-macos-arm64 2023.8.2.1 21.00 OK
r-release-macos-x86_64 2023.8.2.1 38.00 OK
r-release-windows-x86_64 2023.8.2.1 9.00 46.00 55.00 OK
r-oldrel-macos-arm64 2023.8.2.1 25.00 NOTE
r-oldrel-macos-x86_64 2023.8.2.1 51.00 NOTE
r-oldrel-windows-x86_64 2023.8.2.1 13.00 57.00 70.00 NOTE

Check Details

Version: 2023.8.2.1
Check: installed package size
Result: NOTE installed size is 13.4Mb sub-directories of 1Mb or more: include 13.4Mb Flavors: r-oldrel-macos-arm64, r-oldrel-macos-x86_64, r-oldrel-windows-x86_64